CRAN Package Check Results for Package elevatr

Last updated on 2025-11-16 04:48:33 CET.

Flavor Version Tinstall Tcheck Ttotal Status Flags
r-devel-linux-x86_64-debian-clang 0.99.1 3.28 62.72 66.00 OK
r-devel-linux-x86_64-debian-gcc 0.99.1 2.41 44.97 47.38 NOTE
r-devel-linux-x86_64-fedora-clang 0.99.1 21.00 90.31 111.31 OK
r-devel-linux-x86_64-fedora-gcc 0.99.1 113.51 OK
r-devel-windows-x86_64 0.99.1 7.00 76.00 83.00 OK
r-patched-linux-x86_64 0.99.1 3.11 58.67 61.78 OK
r-release-linux-x86_64 0.99.1 3.60 58.89 62.49 OK
r-release-macos-arm64 0.99.1 2.00 37.00 39.00 OK
r-release-macos-x86_64 0.99.1 3.00 69.00 72.00 OK
r-release-windows-x86_64 0.99.1 8.00 75.00 83.00 OK
r-oldrel-macos-arm64 0.99.1 2.00 41.00 43.00 OK
r-oldrel-macos-x86_64 0.99.1 3.00 90.00 93.00 OK
r-oldrel-windows-x86_64 0.99.1 7.00 88.00 95.00 OK

Check Details

Version: 0.99.1
Check: CRAN incoming feasibility
Result: NOTE Maintainer: ‘Jeffrey Hollister <hollister.jeff@epa.gov>’ The BugReports field in DESCRIPTION has https://github.com/usepa/elevatr/issues/ which should likely be https://github.com/usepa/elevatr/issues/issues instead. Flavor: r-devel-linux-x86_64-debian-gcc