Last updated on 2025-02-21 04:51:45 CET.
Flavor | Version | Tinstall | Tcheck | Ttotal | Status | Flags |
---|---|---|---|---|---|---|
r-devel-linux-x86_64-debian-clang | 0.5.5 | 5.41 | 48.12 | 53.53 | OK | |
r-devel-linux-x86_64-debian-gcc | 0.5.5 | 3.60 | 37.73 | 41.33 | OK | |
r-devel-linux-x86_64-fedora-clang | 0.5.5 | 83.20 | OK | |||
r-devel-linux-x86_64-fedora-gcc | 0.5.5 | 92.11 | OK | |||
r-devel-macos-arm64 | 0.5.5 | 36.00 | OK | |||
r-devel-macos-x86_64 | 0.5.5 | 70.00 | OK | |||
r-devel-windows-x86_64 | 0.5.5 | 8.00 | 82.00 | 90.00 | OK | |
r-patched-linux-x86_64 | 0.5.5 | 4.95 | 45.88 | 50.83 | OK | |
r-release-linux-x86_64 | 0.5.5 | 4.77 | 45.71 | 50.48 | OK | |
r-release-macos-arm64 | 0.5.5 | 36.00 | NOTE | |||
r-release-macos-x86_64 | 0.5.5 | 55.00 | NOTE | |||
r-release-windows-x86_64 | 0.5.5 | 9.00 | 71.00 | 80.00 | NOTE | |
r-oldrel-macos-arm64 | 0.5.5 | 34.00 | NOTE | |||
r-oldrel-macos-x86_64 | 0.5.5 | 52.00 | NOTE | |||
r-oldrel-windows-x86_64 | 0.5.5 | 10.00 | 82.00 | 92.00 | NOTE |
Version: 0.5.5
Check: installed package size
Result: NOTE
installed size is 7.0Mb
sub-directories of 1Mb or more:
emoji_fonts 6.4Mb
Flavors: r-release-macos-arm64, r-release-macos-x86_64, r-release-windows-x86_64, r-oldrel-macos-arm64, r-oldrel-macos-x86_64, r-oldrel-windows-x86_64