CRAN Package Check Results for Package emstreeR

Last updated on 2025-11-16 04:48:33 CET.

Flavor Version Tinstall Tcheck Ttotal Status Flags
r-devel-linux-x86_64-debian-clang 3.1.2 3.03 38.59 41.62 OK
r-devel-linux-x86_64-debian-gcc 3.1.2 3.22 29.36 32.58 NOTE
r-devel-linux-x86_64-fedora-clang 3.1.2 63.18 OK
r-devel-linux-x86_64-fedora-gcc 3.1.2 59.14 OK
r-devel-windows-x86_64 3.1.2 8.00 57.00 65.00 OK
r-patched-linux-x86_64 3.1.2 4.42 35.06 39.48 OK
r-release-linux-x86_64 3.1.2 3.40 35.60 39.00 OK
r-release-macos-arm64 3.1.2 2.00 21.00 23.00 OK
r-release-macos-x86_64 3.1.2 5.00 32.00 37.00 OK
r-release-windows-x86_64 3.1.2 6.00 57.00 63.00 OK
r-oldrel-macos-arm64 3.1.2 2.00 18.00 20.00 OK
r-oldrel-macos-x86_64 3.1.2 3.00 28.00 31.00 OK
r-oldrel-windows-x86_64 3.1.2 8.00 61.00 69.00 OK

Check Details

Version: 3.1.2
Check: CRAN incoming feasibility
Result: NOTE Maintainer: ‘Allan Quadros <allanvcq@gmail.com>’ The BugReports field in DESCRIPTION has https://github.com/allanvc/emstreeR/issues/ which should likely be https://github.com/allanvc/emstreeR/issues/issues instead. Flavor: r-devel-linux-x86_64-debian-gcc