Last updated on 2024-08-25 05:49:20 CEST.
Flavor | Version | Tinstall | Tcheck | Ttotal | Status | Flags |
---|---|---|---|---|---|---|
r-devel-linux-x86_64-debian-clang | 1.0.0 | 35.93 | 22.83 | 58.76 | OK | |
r-devel-linux-x86_64-debian-gcc | 1.0.0 | 37.77 | 19.16 | 56.93 | OK | |
r-devel-linux-x86_64-fedora-clang | 1.0.0 | 93.09 | NOTE | |||
r-devel-linux-x86_64-fedora-gcc | 1.0.0 | 91.17 | OK | |||
r-devel-windows-x86_64 | 1.0.0 | 46.00 | 46.00 | 92.00 | NOTE | |
r-patched-linux-x86_64 | 1.0.0 | 35.44 | 22.70 | 58.14 | OK | |
r-release-linux-x86_64 | 1.0.0 | 36.53 | 22.77 | 59.30 | OK | |
r-release-macos-arm64 | 1.0.0 | 52.00 | NOTE | |||
r-release-macos-x86_64 | 1.0.0 | 56.00 | NOTE | |||
r-release-windows-x86_64 | 1.0.0 | 47.00 | 47.00 | 94.00 | NOTE | |
r-oldrel-macos-arm64 | 1.0.0 | 62.00 | NOTE | |||
r-oldrel-macos-x86_64 | 1.0.0 | 117.00 | NOTE | |||
r-oldrel-windows-x86_64 | 1.0.0 | 37.00 | 47.00 | 84.00 | NOTE |
Version: 1.0.0
Check: installed package size
Result: NOTE
installed size is 7.4Mb
sub-directories of 1Mb or more:
data 7.3Mb
Flavors: r-devel-linux-x86_64-fedora-clang, r-devel-windows-x86_64, r-release-macos-arm64, r-release-macos-x86_64, r-release-windows-x86_64, r-oldrel-macos-arm64, r-oldrel-macos-x86_64, r-oldrel-windows-x86_64