Last updated on 2025-11-16 04:48:33 CET.
| Flavor | Version | Tinstall | Tcheck | Ttotal | Status | Flags |
|---|---|---|---|---|---|---|
| r-devel-linux-x86_64-debian-clang | 1.6-16 | 11.94 | 174.88 | 186.82 | OK | |
| r-devel-linux-x86_64-debian-gcc | 1.6-16 | 6.59 | 123.88 | 130.47 | NOTE | |
| r-devel-linux-x86_64-fedora-clang | 1.6-16 | 63.00 | 253.63 | 316.63 | OK | |
| r-devel-linux-x86_64-fedora-gcc | 1.6-16 | 28.00 | 276.07 | 304.07 | OK | |
| r-devel-windows-x86_64 | 1.6-16 | 17.00 | 247.00 | 264.00 | OK | |
| r-patched-linux-x86_64 | 1.6-16 | 15.41 | 165.51 | 180.92 | OK | |
| r-release-linux-x86_64 | 1.6-16 | 11.90 | 166.45 | 178.35 | OK | |
| r-release-macos-arm64 | 1.6-16 | 5.00 | 86.00 | 91.00 | OK | |
| r-release-macos-x86_64 | 1.6-16 | 12.00 | 137.00 | 149.00 | OK | |
| r-release-windows-x86_64 | 1.6-16 | 14.00 | 240.00 | 254.00 | OK | |
| r-oldrel-macos-arm64 | 1.6-16 | 6.00 | 88.00 | 94.00 | OK | |
| r-oldrel-macos-x86_64 | 1.6-16 | 14.00 | 177.00 | 191.00 | OK | |
| r-oldrel-windows-x86_64 | 1.6-16 | 20.00 | 280.00 | 300.00 | OK |
Version: 1.6-16
Check: CRAN incoming feasibility
Result: NOTE
Maintainer: ‘Eric Marcon <eric.marcon@agroparistech.fr>’
The BugReports field in DESCRIPTION has
https://github.com/EricMarcon/entropart/issues/
which should likely be
https://github.com/EricMarcon/entropart/issues/issues
instead.
Flavor: r-devel-linux-x86_64-debian-gcc