Last updated on 2024-07-22 05:49:50 CEST.
Flavor | Version | Tinstall | Tcheck | Ttotal | Status | Flags |
---|---|---|---|---|---|---|
r-devel-linux-x86_64-debian-clang | 1.6-13 | 10.76 | 193.77 | 204.53 | OK | |
r-devel-linux-x86_64-debian-gcc | 1.6-13 | 10.26 | 139.63 | 149.89 | NOTE | |
r-devel-linux-x86_64-fedora-clang | 1.6-13 | 259.78 | OK | |||
r-devel-linux-x86_64-fedora-gcc | 1.6-13 | 261.46 | OK | |||
r-devel-windows-x86_64 | 1.6-13 | 13.00 | 207.00 | 220.00 | NOTE | |
r-patched-linux-x86_64 | 1.6-13 | 22.50 | 179.14 | 201.64 | OK | |
r-release-linux-x86_64 | 1.6-13 | 9.56 | 180.60 | 190.16 | OK | |
r-release-macos-arm64 | 1.6-13 | 85.00 | OK | |||
r-release-macos-x86_64 | 1.6-13 | 117.00 | OK | |||
r-release-windows-x86_64 | 1.6-13 | 13.00 | 208.00 | 221.00 | OK | |
r-oldrel-macos-arm64 | 1.6-13 | 65.00 | OK | |||
r-oldrel-macos-x86_64 | 1.6-13 | 98.00 | OK | |||
r-oldrel-windows-x86_64 | 1.6-13 | 17.00 | 236.00 | 253.00 | OK |
Version: 1.6-13
Check: Rd cross-references
Result: NOTE
Found the following Rd file(s) with Rd \link{} targets missing package
anchors:
AllenH.Rd: phylo
AlphaDiversity.Rd: phylo
AlphaEntropy.Rd: phylo
BetaDiversity.Rd: phylo
BetaEntropy.Rd: phylo
ChaoPD.Rd: phylo
DivEst.Rd: phylo, ggarrange
DivPart.Rd: phylo
DivProfile.Rd: phylo, ggarrange
GammaDiversity.Rd: phylo
GammaEntropy.Rd: phylo
GenSimpson.Rd: GenSimp.z
PDFD.Rd: phylo
PPtree.Rd: phylo
Paracou618.Taxonomy.Rd: phylo
PhyloApply.Rd: phylo
PhyloBetaEntropy.Rd: phylo
PhyloDiversity.Rd: phylo
PhyloEntropy.Rd: phylo
Preprocess.Tree.Rd: phylo
RAC.Rd: fisher.alpha
Rao.Rd: phylo
SpeciesDistribution.Rd: fisher.alpha
Please provide package anchors for all Rd \link{} targets not in the
package itself and the base packages.
Flavors: r-devel-linux-x86_64-debian-gcc, r-devel-windows-x86_64