Last updated on 2025-10-25 05:50:00 CEST.
| Flavor | Version | Tinstall | Tcheck | Ttotal | Status | Flags |
|---|---|---|---|---|---|---|
| r-devel-linux-x86_64-debian-clang | 2.0.88 | 33.13 | 270.86 | 303.99 | NOTE | |
| r-devel-linux-x86_64-debian-gcc | 2.0.88 | 22.79 | 188.00 | 210.79 | NOTE | |
| r-devel-linux-x86_64-fedora-clang | 2.0.88 | 81.00 | 397.01 | 478.01 | OK | |
| r-devel-linux-x86_64-fedora-gcc | 2.0.88 | 171.00 | 312.75 | 483.75 | NOTE | |
| r-devel-windows-x86_64 | 2.0.87 | 34.00 | 241.00 | 275.00 | OK | |
| r-patched-linux-x86_64 | 2.0.88 | 35.38 | 256.58 | 291.96 | OK | |
| r-release-linux-x86_64 | 2.0.87 | 32.54 | 252.70 | 285.24 | OK | |
| r-release-macos-arm64 | 2.0.88 | 15.00 | 95.00 | 110.00 | OK | |
| r-release-macos-x86_64 | 2.0.88 | 38.00 | 243.00 | 281.00 | OK | |
| r-release-windows-x86_64 | 2.0.88 | 48.00 | 243.00 | 291.00 | OK | |
| r-oldrel-macos-arm64 | 2.0.88 | 14.00 | 98.00 | 112.00 | NOTE | |
| r-oldrel-macos-x86_64 | 2.0.88 | 29.00 | 258.00 | 287.00 | NOTE | |
| r-oldrel-windows-x86_64 | 2.0.88 | 52.00 | 314.00 | 366.00 | NOTE |
Version: 2.0.88
Check: Rd files
Result: NOTE
checkRd: (-1) epi.2by2.Rd:54-63: Only 4 columns allowed in this table (row 1 has 3)
checkRd: (-1) epi.2by2.Rd:54-63: Only 4 columns allowed in this table (row 2 has 3)
checkRd: (-1) epi.2by2.Rd:54-63: Only 4 columns allowed in this table (row 3 has 3)
checkRd: (-1) epi.2by2.Rd:54-63: Only 4 columns allowed in this table (row 4 has 3)
checkRd: (-1) epi.2by2.Rd:54-63: Only 4 columns allowed in this table (row 5 has 3)
checkRd: (-1) epi.2by2.Rd:54-63: Only 4 columns allowed in this table (row 6 has 3)
checkRd: (-1) epi.2by2.Rd:54-63: Only 4 columns allowed in this table (row 7 has 3)
checkRd: (-1) epi.2by2.Rd:54-63: Only 4 columns allowed in this table (row 8 has 3)
checkRd: (-1) rsu.dxtest.Rd:93-103: Only 5 columns allowed in this table (row 1 has 4)
checkRd: (-1) rsu.dxtest.Rd:93-103: Only 5 columns allowed in this table (row 2 has 4)
checkRd: (-1) rsu.dxtest.Rd:93-103: Only 5 columns allowed in this table (row 3 has 4)
checkRd: (-1) rsu.dxtest.Rd:93-103: Only 5 columns allowed in this table (row 4 has 4)
checkRd: (-1) rsu.dxtest.Rd:93-103: Only 5 columns allowed in this table (row 5 has 4)
checkRd: (-1) rsu.dxtest.Rd:93-103: Only 5 columns allowed in this table (row 6 has 4)
checkRd: (-1) rsu.dxtest.Rd:93-103: Only 5 columns allowed in this table (row 7 has 4)
checkRd: (-1) rsu.dxtest.Rd:93-103: Only 5 columns allowed in this table (row 8 has 4)
checkRd: (-1) rsu.dxtest.Rd:93-103: Only 5 columns allowed in this table (row 9 has 4)
checkRd: (-1) rsu.dxtest.Rd:107-117: Only 5 columns allowed in this table (row 1 has 4)
checkRd: (-1) rsu.dxtest.Rd:107-117: Only 5 columns allowed in this table (row 2 has 4)
checkRd: (-1) rsu.dxtest.Rd:107-117: Only 5 columns allowed in this table (row 3 has 4)
checkRd: (-1) rsu.dxtest.Rd:107-117: Only 5 columns allowed in this table (row 4 has 4)
checkRd: (-1) rsu.dxtest.Rd:107-117: Only 5 columns allowed in this table (row 5 has 4)
checkRd: (-1) rsu.dxtest.Rd:107-117: Only 5 columns allowed in this table (row 6 has 4)
checkRd: (-1) rsu.dxtest.Rd:107-117: Only 5 columns allowed in this table (row 7 has 4)
checkRd: (-1) rsu.dxtest.Rd:107-117: Only 5 columns allowed in this table (row 8 has 4)
checkRd: (-1) rsu.dxtest.Rd:107-117: Only 5 columns allowed in this table (row 9 has 4)
Flavors: r-devel-linux-x86_64-debian-clang, r-devel-linux-x86_64-debian-gcc, r-devel-linux-x86_64-fedora-gcc
Version: 2.0.88
Check: whether startup messages can be suppressed
Result: NOTE
Failed to query server: Connection timed out
It looks like this package (or a package it requires) has a startup
message which cannot be suppressed: see ?packageStartupMessage.
Flavor: r-devel-linux-x86_64-fedora-gcc
Version: 2.0.88
Check: installed package size
Result: NOTE
installed size is 6.1Mb
sub-directories of 1Mb or more:
doc 4.7Mb
Flavors: r-oldrel-macos-arm64, r-oldrel-macos-x86_64, r-oldrel-windows-x86_64