Last updated on 2025-11-16 04:48:33 CET.
| Flavor | Version | Tinstall | Tcheck | Ttotal | Status | Flags |
|---|---|---|---|---|---|---|
| r-devel-linux-x86_64-debian-clang | 0.2.1 | 3.59 | 85.87 | 89.46 | NOTE | |
| r-devel-linux-x86_64-debian-gcc | 0.2.1 | 2.61 | 65.18 | 67.79 | NOTE | |
| r-devel-linux-x86_64-fedora-clang | 0.2.1 | 141.41 | OK | |||
| r-devel-linux-x86_64-fedora-gcc | 0.2.1 | 152.70 | OK | |||
| r-devel-windows-x86_64 | 0.2.1 | 7.00 | 106.00 | 113.00 | NOTE | |
| r-patched-linux-x86_64 | 0.2.1 | 4.15 | 82.49 | 86.64 | NOTE | |
| r-release-linux-x86_64 | 0.2.1 | 2.85 | 82.51 | 85.36 | NOTE | |
| r-release-macos-arm64 | 0.2.1 | 2.00 | 58.00 | 60.00 | OK | |
| r-release-macos-x86_64 | 0.2.1 | 3.00 | 88.00 | 91.00 | OK | |
| r-release-windows-x86_64 | 0.2.1 | 6.00 | 104.00 | 110.00 | NOTE | |
| r-oldrel-macos-arm64 | 0.2.1 | 2.00 | 46.00 | 48.00 | OK | |
| r-oldrel-macos-x86_64 | 0.2.1 | 3.00 | 73.00 | 76.00 | OK | |
| r-oldrel-windows-x86_64 | 0.2.1 | 9.00 | 125.00 | 134.00 | OK |
Version: 0.2.1
Check: Rd cross-references
Result: NOTE
Found the following Rd file(s) with Rd \link{} targets missing package
anchors:
sub-.epiflows.Rd: [.epicontacts
Please provide package anchors for all Rd \link{} targets not in the
package itself and the base packages.
Flavors: r-devel-linux-x86_64-debian-clang, r-devel-linux-x86_64-debian-gcc, r-devel-windows-x86_64, r-patched-linux-x86_64, r-release-linux-x86_64, r-release-windows-x86_64