Last updated on 2025-11-16 04:48:33 CET.
| Flavor | Version | Tinstall | Tcheck | Ttotal | Status | Flags |
|---|---|---|---|---|---|---|
| r-devel-linux-x86_64-debian-clang | 0.2.3 | 9.38 | 73.54 | 82.92 | OK | |
| r-devel-linux-x86_64-debian-gcc | 0.2.3 | 6.76 | 52.18 | 58.94 | NOTE | |
| r-devel-linux-x86_64-fedora-clang | 0.2.3 | 65.83 | OK | |||
| r-devel-linux-x86_64-fedora-gcc | 0.2.3 | 62.43 | OK | |||
| r-devel-windows-x86_64 | 0.2.3 | 11.00 | 82.00 | 93.00 | OK | |
| r-patched-linux-x86_64 | 0.2.3 | 8.00 | 67.99 | 75.99 | OK | |
| r-release-linux-x86_64 | 0.2.3 | 7.64 | 67.58 | 75.22 | OK | |
| r-release-macos-arm64 | 0.2.3 | 4.00 | 29.00 | 33.00 | OK | |
| r-release-macos-x86_64 | 0.2.3 | 8.00 | 59.00 | 67.00 | OK | |
| r-release-windows-x86_64 | 0.2.3 | 10.00 | 80.00 | 90.00 | OK | |
| r-oldrel-macos-arm64 | 0.2.3 | 3.00 | 35.00 | 38.00 | OK | |
| r-oldrel-macos-x86_64 | 0.2.3 | 6.00 | 57.00 | 63.00 | OK | |
| r-oldrel-windows-x86_64 | 0.2.3 | 13.00 | 97.00 | 110.00 | OK |
Version: 0.2.3
Check: CRAN incoming feasibility
Result: NOTE
Maintainer: ‘Andrew Pulsipher <pulsipher.a@gmail.com>’
The BugReports field in DESCRIPTION has
https://github.com/UofUEpiBio/epiworldRShiny/issues/
which should likely be
https://github.com/UofUEpiBio/epiworldRShiny/issues/issues
instead.
Flavor: r-devel-linux-x86_64-debian-gcc