Last updated on 2025-10-25 05:50:00 CEST.
| Flavor | Version | Tinstall | Tcheck | Ttotal | Status | Flags |
|---|---|---|---|---|---|---|
| r-devel-linux-x86_64-debian-clang | 0.16.3 | 55.77 | 290.49 | 346.26 | OK | |
| r-devel-linux-x86_64-debian-gcc | 0.16.3 | 35.61 | 187.86 | 223.47 | OK | |
| r-devel-linux-x86_64-fedora-clang | 0.16.3 | 127.00 | 397.40 | 524.40 | OK | |
| r-devel-linux-x86_64-fedora-gcc | 0.16.3 | 106.00 | 372.33 | 478.33 | OK | |
| r-devel-windows-x86_64 | 0.16.3 | 53.00 | 250.00 | 303.00 | OK | |
| r-patched-linux-x86_64 | 0.16.3 | 55.68 | 259.68 | 315.36 | OK | |
| r-release-linux-x86_64 | 0.16.3 | 49.65 | 264.34 | 313.99 | OK | |
| r-release-macos-arm64 | 0.16.3 | 25.00 | 111.00 | 136.00 | OK | |
| r-release-macos-x86_64 | 0.16.3 | 51.00 | 209.00 | 260.00 | OK | |
| r-release-windows-x86_64 | 0.16.3 | 55.00 | 250.00 | 305.00 | OK | |
| r-oldrel-macos-arm64 | 0.16.3 | 25.00 | 100.00 | 125.00 | NOTE | |
| r-oldrel-macos-x86_64 | 0.16.3 | 69.00 | 182.00 | 251.00 | NOTE | |
| r-oldrel-windows-x86_64 | 0.16.3 | 76.00 | 328.00 | 404.00 | OK |
Version: 0.16.3
Check: installed package size
Result: NOTE
installed size is 5.4Mb
sub-directories of 1Mb or more:
R 4.3Mb
Flavors: r-oldrel-macos-arm64, r-oldrel-macos-x86_64