CRAN Package Check Results for Package erp.easy

Last updated on 2025-02-21 04:51:46 CET.

Flavor Version Tinstall Tcheck Ttotal Status Flags
r-devel-linux-x86_64-debian-clang 1.1.0 3.10 26.39 29.49 OK
r-devel-linux-x86_64-debian-gcc 1.1.0 2.50 20.02 22.52 OK
r-devel-linux-x86_64-fedora-clang 1.1.0 48.16 NOTE
r-devel-linux-x86_64-fedora-gcc 1.1.0 46.39 NOTE
r-devel-macos-arm64 1.1.0 16.00 OK
r-devel-macos-x86_64 1.1.0 34.00 OK
r-devel-windows-x86_64 1.1.0 4.00 49.00 53.00 OK
r-patched-linux-x86_64 1.1.0 3.15 24.95 28.10 OK
r-release-linux-x86_64 1.1.0 2.64 25.16 27.80 OK
r-release-macos-arm64 1.1.0 18.00 OK
r-release-macos-x86_64 1.1.0 26.00 OK
r-release-windows-x86_64 1.1.0 4.00 48.00 52.00 OK
r-oldrel-macos-arm64 1.1.0 21.00 OK
r-oldrel-macos-x86_64 1.1.0 29.00 OK
r-oldrel-windows-x86_64 1.1.0 5.00 48.00 53.00 OK

Check Details

Version: 1.1.0
Check: dependencies in R code
Result: NOTE Namespace in Imports field not imported from: ‘signal’ All declared Imports should be used. Flavors: r-devel-linux-x86_64-fedora-clang, r-devel-linux-x86_64-fedora-gcc