Last updated on 2024-05-11 05:54:34 CEST.
Flavor | Version | Tinstall | Tcheck | Ttotal | Status | Flags |
---|---|---|---|---|---|---|
r-devel-linux-x86_64-debian-clang | 0.0.3 | 35.43 | 31.28 | 66.71 | NOTE | |
r-devel-linux-x86_64-debian-gcc | 0.0.3 | 30.38 | 24.15 | 54.53 | NOTE | |
r-devel-linux-x86_64-fedora-clang | 0.0.3 | 100.49 | NOTE | |||
r-devel-linux-x86_64-fedora-gcc | 0.0.3 | 149.30 | NOTE | |||
r-devel-windows-x86_64 | 0.0.3 | 31.00 | 67.00 | 98.00 | NOTE | |
r-patched-linux-x86_64 | 0.0.3 | 41.76 | 30.36 | 72.12 | NOTE | |
r-release-linux-x86_64 | 0.0.3 | 39.32 | 30.65 | 69.97 | NOTE | |
r-release-macos-arm64 | 0.0.3 | 28.00 | NOTE | |||
r-release-windows-x86_64 | 0.0.3 | 33.00 | 67.00 | 100.00 | NOTE | |
r-oldrel-macos-arm64 | 0.0.3 | 29.00 | NOTE | |||
r-oldrel-macos-x86_64 | 0.0.3 | 47.00 | NOTE | |||
r-oldrel-windows-x86_64 | 0.0.3 | 40.00 | 72.00 | 112.00 | NOTE |
Version: 0.0.3
Check: C++ specification
Result: NOTE
Specified C++11: please drop specification unless essential
Flavors: r-devel-linux-x86_64-debian-clang, r-devel-linux-x86_64-debian-gcc, r-devel-linux-x86_64-fedora-clang, r-devel-linux-x86_64-fedora-gcc, r-devel-windows-x86_64, r-patched-linux-x86_64, r-release-linux-x86_64, r-release-macos-arm64, r-release-windows-x86_64, r-oldrel-macos-arm64, r-oldrel-macos-x86_64, r-oldrel-windows-x86_64
Version: 0.0.3
Check: LazyData
Result: NOTE
'LazyData' is specified without a 'data' directory
Flavors: r-devel-linux-x86_64-debian-clang, r-devel-linux-x86_64-debian-gcc, r-devel-linux-x86_64-fedora-clang, r-devel-linux-x86_64-fedora-gcc, r-devel-windows-x86_64, r-patched-linux-x86_64, r-release-linux-x86_64, r-release-macos-arm64, r-release-windows-x86_64, r-oldrel-macos-arm64, r-oldrel-macos-x86_64, r-oldrel-windows-x86_64