Last updated on 2024-08-25 05:49:20 CEST.
Flavor | Version | Tinstall | Tcheck | Ttotal | Status | Flags |
---|---|---|---|---|---|---|
r-devel-linux-x86_64-debian-clang | 0.1.2 | 7.09 | 57.84 | 64.93 | NOTE | |
r-devel-linux-x86_64-debian-gcc | 0.1.2 | 5.58 | 42.44 | 48.02 | NOTE | |
r-devel-linux-x86_64-fedora-clang | 0.1.2 | 103.20 | NOTE | |||
r-devel-linux-x86_64-fedora-gcc | 0.1.2 | 97.35 | NOTE | |||
r-devel-windows-x86_64 | 0.1.2 | 8.00 | 74.00 | 82.00 | NOTE | |
r-patched-linux-x86_64 | 0.1.2 | 6.82 | 54.11 | 60.93 | NOTE | |
r-release-linux-x86_64 | 0.1.2 | 6.88 | 54.59 | 61.47 | NOTE | |
r-release-macos-arm64 | 0.1.2 | 33.00 | NOTE | |||
r-release-macos-x86_64 | 0.1.2 | 48.00 | NOTE | |||
r-release-windows-x86_64 | 0.1.2 | 8.00 | 75.00 | 83.00 | NOTE | |
r-oldrel-macos-arm64 | 0.1.2 | 37.00 | NOTE | |||
r-oldrel-macos-x86_64 | 0.1.2 | 54.00 | NOTE | |||
r-oldrel-windows-x86_64 | 0.1.2 | 10.00 | 84.00 | 94.00 | NOTE |
Version: 0.1.2
Check: Rd files
Result: NOTE
checkRd: (-1) festRidge.Rd:80: Lost braces; missing escapes or markup?
80 | \item{XtXlamIinv}{explicit value of (X'X + diag(penalty))^{-1}. Useful
| ^
Flavors: r-devel-linux-x86_64-debian-clang, r-devel-linux-x86_64-debian-gcc, r-devel-linux-x86_64-fedora-clang, r-devel-linux-x86_64-fedora-gcc, r-devel-windows-x86_64, r-patched-linux-x86_64, r-release-linux-x86_64, r-release-macos-arm64, r-release-macos-x86_64, r-release-windows-x86_64
Version: 0.1.2
Check: LazyData
Result: NOTE
'LazyData' is specified without a 'data' directory
Flavors: r-devel-linux-x86_64-debian-clang, r-devel-linux-x86_64-debian-gcc, r-devel-linux-x86_64-fedora-clang, r-devel-linux-x86_64-fedora-gcc, r-devel-windows-x86_64, r-patched-linux-x86_64, r-release-linux-x86_64, r-release-macos-arm64, r-release-macos-x86_64, r-release-windows-x86_64, r-oldrel-macos-arm64, r-oldrel-macos-x86_64, r-oldrel-windows-x86_64