CRAN Package Check Results for Package etrm

Last updated on 2025-11-16 04:48:33 CET.

Flavor Version Tinstall Tcheck Ttotal Status Flags
r-devel-linux-x86_64-debian-clang 1.0.1 7.87 81.88 89.75 NOTE
r-devel-linux-x86_64-debian-gcc 1.0.1 5.64 58.47 64.11 NOTE
r-devel-linux-x86_64-fedora-clang 1.0.1 15.00 120.22 135.22 OK
r-devel-linux-x86_64-fedora-gcc 1.0.1 15.00 126.39 141.39 OK
r-devel-windows-x86_64 1.0.1 12.00 89.00 101.00 OK
r-patched-linux-x86_64 1.0.1 7.76 76.16 83.92 OK
r-release-linux-x86_64 1.0.1 6.02 74.81 80.83 OK
r-release-macos-arm64 1.0.1 3.00 45.00 48.00 OK
r-release-macos-x86_64 1.0.1 6.00 67.00 73.00 OK
r-release-windows-x86_64 1.0.1 10.00 86.00 96.00 OK
r-oldrel-macos-arm64 1.0.1 3.00 32.00 35.00 OK
r-oldrel-macos-x86_64 1.0.1 5.00 55.00 60.00 OK
r-oldrel-windows-x86_64 1.0.1 13.00 107.00 120.00 OK

Check Details

Version: 1.0.1
Check: CRAN incoming feasibility
Result: NOTE Maintainer: ‘Anders D. Sleire <sleire@gmail.com>’ No Authors@R field in DESCRIPTION. Please add one, modifying Authors@R: person(given = c("Anders", "D."), family = "Sleire", role = c("aut", "cre"), email = "sleire@gmail.com") as necessary. Flavors: r-devel-linux-x86_64-debian-clang, r-devel-linux-x86_64-debian-gcc