Last updated on 2025-11-16 04:48:33 CET.
| Flavor | Version | Tinstall | Tcheck | Ttotal | Status | Flags |
|---|---|---|---|---|---|---|
| r-devel-linux-x86_64-debian-clang | 1.11 | 24.49 | 208.74 | 233.23 | OK | |
| r-devel-linux-x86_64-debian-gcc | 1.11 | 14.06 | 140.14 | 154.20 | NOTE | |
| r-devel-linux-x86_64-fedora-clang | 1.11 | 53.00 | 345.99 | 398.99 | OK | |
| r-devel-linux-x86_64-fedora-gcc | 1.11 | 54.00 | 342.93 | 396.93 | OK | |
| r-devel-windows-x86_64 | 1.11 | 25.00 | 192.00 | 217.00 | OK | |
| r-patched-linux-x86_64 | 1.11 | 21.67 | 218.32 | 239.99 | OK | |
| r-release-linux-x86_64 | 1.11 | 22.47 | 216.24 | 238.71 | OK | |
| r-release-macos-arm64 | 1.11 | 12.00 | 112.00 | 124.00 | OK | |
| r-release-macos-x86_64 | 1.11 | 33.00 | 234.00 | 267.00 | OK | |
| r-release-windows-x86_64 | 1.11 | 18.00 | 192.00 | 210.00 | OK | |
| r-oldrel-macos-arm64 | 1.11 | 11.00 | 104.00 | 115.00 | OK | |
| r-oldrel-macos-x86_64 | 1.11 | 12.00 | 622.00 | 634.00 | OK | |
| r-oldrel-windows-x86_64 | 1.11 | 33.00 | 260.00 | 293.00 | OK |
Version: 1.11
Check: CRAN incoming feasibility
Result: NOTE
Maintainer: ‘Daniel Schuch <underschuch@gmail.com>’
The BugReports field in DESCRIPTION has
https://github.com/Schuch666/eva3dm/issues/
which should likely be
https://github.com/Schuch666/eva3dm/issues/issues
instead.
Flavor: r-devel-linux-x86_64-debian-gcc