Last updated on 2024-07-22 05:49:50 CEST.
Flavor | Version | Tinstall | Tcheck | Ttotal | Status | Flags |
---|---|---|---|---|---|---|
r-devel-linux-x86_64-debian-clang | 1.1 | 11.18 | 105.50 | 116.68 | NOTE | |
r-devel-linux-x86_64-debian-gcc | 1.1 | 9.54 | 77.50 | 87.04 | NOTE | |
r-devel-linux-x86_64-fedora-clang | 1.1 | 146.76 | NOTE | |||
r-devel-linux-x86_64-fedora-gcc | 1.1 | 146.47 | NOTE | |||
r-devel-windows-x86_64 | 1.1 | 14.00 | 95.00 | 109.00 | OK | |
r-patched-linux-x86_64 | 1.1 | 13.05 | 101.14 | 114.19 | NOTE | |
r-release-linux-x86_64 | 1.1 | 13.09 | 101.02 | 114.11 | NOTE | |
r-release-macos-arm64 | 1.1 | 43.00 | OK | |||
r-release-macos-x86_64 | 1.1 | 68.00 | OK | |||
r-release-windows-x86_64 | 1.1 | 13.00 | 95.00 | 108.00 | OK | |
r-oldrel-macos-arm64 | 1.1 | 45.00 | OK | |||
r-oldrel-macos-x86_64 | 1.1 | 73.00 | OK | |||
r-oldrel-windows-x86_64 | 1.1 | 15.00 | 111.00 | 126.00 | OK |
Version: 1.1
Check: for non-standard things in the check directory
Result: NOTE
Found the following files/directories:
‘sample .nwk’
Flavors: r-devel-linux-x86_64-debian-clang, r-devel-linux-x86_64-debian-gcc, r-devel-linux-x86_64-fedora-clang, r-devel-linux-x86_64-fedora-gcc, r-patched-linux-x86_64, r-release-linux-x86_64