Last updated on 2025-10-25 05:50:01 CEST.
| Flavor | Version | Tinstall | Tcheck | Ttotal | Status | Flags |
|---|---|---|---|---|---|---|
| r-devel-linux-x86_64-debian-clang | 1.5.5 | 7.71 | 372.27 | 379.98 | OK | |
| r-devel-linux-x86_64-debian-gcc | 1.5.5 | 4.68 | 253.30 | 257.98 | OK | |
| r-devel-linux-x86_64-fedora-clang | 1.5.5 | 29.00 | 584.19 | 613.19 | OK | |
| r-devel-linux-x86_64-fedora-gcc | 1.6.0 | 43.00 | 725.73 | 768.73 | OK | |
| r-devel-windows-x86_64 | 1.5.5 | 10.00 | 339.00 | 349.00 | OK | |
| r-patched-linux-x86_64 | 1.5.5 | 8.27 | 353.74 | 362.01 | OK | |
| r-release-linux-x86_64 | 1.5.5 | 8.09 | 346.55 | 354.64 | OK | |
| r-release-macos-arm64 | 1.6.0 | 3.00 | 156.00 | 159.00 | ERROR | |
| r-release-macos-x86_64 | 1.6.0 | 16.00 | 630.00 | 646.00 | OK | |
| r-release-windows-x86_64 | 1.5.5 | 11.00 | 343.00 | 354.00 | OK | |
| r-oldrel-macos-arm64 | 1.6.0 | 3.00 | 164.00 | 167.00 | ERROR | |
| r-oldrel-macos-x86_64 | 1.6.0 | 11.00 | 684.00 | 695.00 | OK | |
| r-oldrel-windows-x86_64 | 1.5.5 | 13.00 | 475.00 | 488.00 | OK |
Version: 1.6.0
Check: tests
Result: ERROR
Running ‘testthat.R’ [91s/93s]
Running the tests in ‘tests/testthat.R’ failed.
Complete output:
> # This file is part of the standard setup for testthat.
> # It is recommended that you do not modify it.
> #
> # Where should you do additional test configuration?
> # Learn more about the roles of various files in:
> # * https://r-pkgs.org/testing-design.html#sec-tests-files-overview
> # * https://testthat.r-lib.org/articles/special-files.html
>
> library(testthat)
> library(extraSuperpower)
>
> test_check("extraSuperpower")
Correlation matrix names assigned based on names from the mean matrix
Correlation matrix names assigned based on names from the mean matrix
Correlation matrix names assigned based on names from the mean matrix
Simulating independent observations experiment
Simulating independent observations experiment
Simulating independent observations experiment
Simulating independent observations experiment
Simulating independent observations experiment
Simulating repeated observations experiment
Simulating repeated observations experiment
Simulating independent observations experiment
Testing power on an independent observations design experiment.
Sample size per group = 9
Performing ANOVA testing on simulated data
Testing power on an independent observations design experiment.
Sample size per group = 11
Performing ANOVA testing on simulated data
Testing power on an independent observations design experiment.
Sample size per group = 13
Performing ANOVA testing on simulated data
Testing power on an independent observations design experiment.
Sample size per group = 15
Performing ANOVA testing on simulated data
Simulating independent observations experiment
Testing power on an independent observations design experiment.
Sample size per group = 6
Performing ANOVA testing on simulated data
Testing power on an independent observations design experiment.
Sample size per group = 8
Performing ANOVA testing on simulated data
Simulating independent observations experiment
Testing power on an independent observations design experiment.
Sample size per group = 6
Performing ANOVA testing on simulated data
Testing power on an independent observations design experiment.
Sample size per group = 8
Performing ANOVA testing on simulated data
Simulating independent observations experiment
Simulating repeated observations experiment
Testing power on an independent observations design experiment.
Sample size per group = 6
Performing ANOVA testing on simulated data
Testing power on an independent observations design experiment.
Sample size per group = 8
Performing ANOVA testing on simulated data
Testing power on an independent observations design experiment.
Sample size per group = 6
Performing ANOVA testing on simulated data
Testing power on an independent observations design experiment.
Sample size per group = 8
Performing ANOVA testing on simulated data
Testing power on an independent observations design experiment.
Sample size per group = 6
Performing ANOVA testing on simulated data
Testing power on an independent observations design experiment.
Sample size per group = 8
Performing ANOVA testing on simulated data
Testing power on an independent observations design experiment.
Sample size per group = 6
Performing ANOVA testing on simulated data
Testing power on an independent observations design experiment.
Sample size per group = 8
Performing ANOVA testing on simulated data
Testing power on an independent observations design experiment.
Sample size per group = 6
Testing power on an independent observations design experiment.
Sample size per group = 8
Performing permutation testing on simulated data
Testing power on a repeated observations design experiment.
Sample size = 6
Testing power on a repeated observations design experiment.
Sample size = 8
Performing permutation testing on simulated data
Testing power on an independent observations design experiment.
Sample size per group = 6
Testing power on an independent observations design experiment.
Sample size per group = 8
Performing rank testing on simulated data
Testing power on a repeated observations design experiment.
Sample size = 6
Testing power on a repeated observations design experiment.
Sample size = 8
Performing rank testing on simulated data
Simulating independent observations experiment
Testing power on an independent observations design experiment.
Mean sample size per group = 6.5
Performing ANOVA testing on simulated data
Testing power on an independent observations design experiment.
Mean sample size per group = 7.5
Performing ANOVA testing on simulated data
Testing power on an independent observations design experiment.
Mean sample size per group = 8.5
Performing ANOVA testing on simulated data
Testing power on an independent observations design experiment.
Mean sample size per group = 9.5
Performing ANOVA testing on simulated data
Performing ANOVA testing on simulated data
Performing ANOVA testing on simulated data
Performing ANOVA testing on simulated data
Performing ANOVA testing on simulated data
Testing power on an independent observations design experiment.
Sample size per group = 5
Testing power on an independent observations design experiment.
Sample size per group = 5
Testing power on an independent observations design experiment.
Sample size per group = 5
Testing power on an independent observations design experiment.
Mean sample size per group = 7.1
Performing ANOVA testing on simulated data
Testing power on an independent observations design experiment.
Mean sample size per group = 7.1
Performing permutation testing on simulated data
Testing power on an independent observations design experiment.
Mean sample size per group = 7.1
Performing rank testing on simulated data
Testing power on a repeated observations design experiment.
Sample size = 5
Testing power on a repeated observations design experiment.
Sample size = 5
Testing power on a repeated observations design experiment.
Sample size = 5
Testing power on a repeated observations design experiment.
Sample size = 5
Testing power on a repeated observations design experiment.
Sample size = 5
Testing power on a repeated observations design experiment.
Sample size = 5
Testing power on a repeated observations design experiment.
Sample size = 15
Testing power on a repeated observations design experiment.
Sample size = 15
Testing power on a repeated observations design experiment.
Sample size = 15
Testing power on a repeated observations design experiment.
Sample size = 5
Performing rank testing on simulated data
Testing power on a repeated observations design experiment.
Sample size = 5
Performing rank testing on simulated data
Testing power on a repeated observations design experiment.
Sample size = 15
Performing rank testing on simulated data
Testing power on a repeated observations design experiment.
Sample size = 5
Performing ANOVA testing on simulated data
Testing power on a repeated observations design experiment.
Sample size = 5
Performing ANOVA testing on simulated data
Testing power on a repeated observations design experiment.
Sample size = 15
Performing ANOVA testing on simulated data
Testing power on a repeated observations design experiment.
Sample size = 5
Performing permutation testing on simulated data
Testing power on a repeated observations design experiment.
Sample size = 5
Performing permutation testing on simulated data
Testing power on a repeated observations design experiment.
Sample size = 15
Performing permutation testing on simulated data
Testing power on a repeated observations design experiment.
Sample size = 6
Testing power on a repeated observations design experiment.
Sample size = 5
Testing power on a repeated observations design experiment.
Sample size = 4
Testing power on a repeated observations design experiment.
Sample size = 3
Performing rank testing on simulated data
Testing power on a repeated observations design experiment.
Sample size = 6
Testing power on a repeated observations design experiment.
Sample size = 5
Testing power on a repeated observations design experiment.
Sample size = 4
Testing power on a repeated observations design experiment.
Sample size = 3
Performing rank testing on simulated data
Testing power on a repeated observations design experiment.
Sample size = 6
Testing power on a repeated observations design experiment.
Sample size = 5
Testing power on a repeated observations design experiment.
Sample size = 4
Testing power on a repeated observations design experiment.
Sample size = 3
Performing rank testing on simulated data
Testing power on a repeated observations design experiment.
Sample size = 6
Testing power on a repeated observations design experiment.
Sample size = 5
Testing power on a repeated observations design experiment.
Sample size = 4
Testing power on a repeated observations design experiment.
Sample size = 3
Performing ANOVA testing on simulated data
Testing power on a repeated observations design experiment.
Sample size = 6
Testing power on a repeated observations design experiment.
Sample size = 5
Testing power on a repeated observations design experiment.
Sample size = 4
Testing power on a repeated observations design experiment.
Sample size = 3
Performing ANOVA testing on simulated data
Testing power on a repeated observations design experiment.
Sample size = 6
Testing power on a repeated observations design experiment.
Sample size = 5
Testing power on a repeated observations design experiment.
Sample size = 4
Testing power on a repeated observations design experiment.
Sample size = 3
Performing ANOVA testing on simulated data
Testing power on a repeated observations design experiment.
Sample size = 6
Testing power on a repeated observations design experiment.
Sample size = 5
Testing power on a repeated observations design experiment.
Sample size = 4
Testing power on a repeated observations design experiment.
Sample size = 3
Performing permutation testing on simulated data
Testing power on a repeated observations design experiment.
Sample size = 6
Testing power on a repeated observations design experiment.
Sample size = 5
Testing power on a repeated observations design experiment.
Sample size = 4
Testing power on a repeated observations design experiment.
Sample size = 3
Performing permutation testing on simulated data
Testing power on a repeated observations design experiment.
Sample size = 6
Testing power on a repeated observations design experiment.
Sample size = 5
Testing power on a repeated observations design experiment.
Sample size = 4
Testing power on a repeated observations design experiment.
Sample size = 3
Performing permutation testing on simulated data
[ FAIL 1 | WARN 439 | SKIP 0 | PASS 279 ]
══ Failed tests ════════════════════════════════════════════════════════════════
── Failure ('test-twoway_simulation_testing.R:168:3'): correct within factor is used ──
res_fB[2, 2] is not strictly less than 0.5. Difference: 0.0143
[ FAIL 1 | WARN 439 | SKIP 0 | PASS 279 ]
Error: Test failures
Execution halted
Flavor: r-release-macos-arm64
Version: 1.6.0
Check: tests
Result: ERROR
Running ‘testthat.R’ [94s/96s]
Running the tests in ‘tests/testthat.R’ failed.
Complete output:
> # This file is part of the standard setup for testthat.
> # It is recommended that you do not modify it.
> #
> # Where should you do additional test configuration?
> # Learn more about the roles of various files in:
> # * https://r-pkgs.org/testing-design.html#sec-tests-files-overview
> # * https://testthat.r-lib.org/articles/special-files.html
>
> library(testthat)
> library(extraSuperpower)
>
> test_check("extraSuperpower")
Correlation matrix names assigned based on names from the mean matrix
Correlation matrix names assigned based on names from the mean matrix
Correlation matrix names assigned based on names from the mean matrix
Simulating independent observations experiment
Simulating independent observations experiment
Simulating independent observations experiment
Simulating independent observations experiment
Simulating independent observations experiment
Simulating repeated observations experiment
Simulating repeated observations experiment
Simulating independent observations experiment
Testing power on an independent observations design experiment.
Sample size per group = 9
Performing ANOVA testing on simulated data
Testing power on an independent observations design experiment.
Sample size per group = 11
Performing ANOVA testing on simulated data
Testing power on an independent observations design experiment.
Sample size per group = 13
Performing ANOVA testing on simulated data
Testing power on an independent observations design experiment.
Sample size per group = 15
Performing ANOVA testing on simulated data
Simulating independent observations experiment
Testing power on an independent observations design experiment.
Sample size per group = 6
Performing ANOVA testing on simulated data
Testing power on an independent observations design experiment.
Sample size per group = 8
Performing ANOVA testing on simulated data
Simulating independent observations experiment
Testing power on an independent observations design experiment.
Sample size per group = 6
Performing ANOVA testing on simulated data
Testing power on an independent observations design experiment.
Sample size per group = 8
Performing ANOVA testing on simulated data
Simulating independent observations experiment
Simulating repeated observations experiment
Testing power on an independent observations design experiment.
Sample size per group = 6
Performing ANOVA testing on simulated data
Testing power on an independent observations design experiment.
Sample size per group = 8
Performing ANOVA testing on simulated data
Testing power on an independent observations design experiment.
Sample size per group = 6
Performing ANOVA testing on simulated data
Testing power on an independent observations design experiment.
Sample size per group = 8
Performing ANOVA testing on simulated data
Testing power on an independent observations design experiment.
Sample size per group = 6
Performing ANOVA testing on simulated data
Testing power on an independent observations design experiment.
Sample size per group = 8
Performing ANOVA testing on simulated data
Testing power on an independent observations design experiment.
Sample size per group = 6
Performing ANOVA testing on simulated data
Testing power on an independent observations design experiment.
Sample size per group = 8
Performing ANOVA testing on simulated data
Testing power on an independent observations design experiment.
Sample size per group = 6
Testing power on an independent observations design experiment.
Sample size per group = 8
Performing permutation testing on simulated data
Testing power on a repeated observations design experiment.
Sample size = 6
Testing power on a repeated observations design experiment.
Sample size = 8
Performing permutation testing on simulated data
Testing power on an independent observations design experiment.
Sample size per group = 6
Testing power on an independent observations design experiment.
Sample size per group = 8
Performing rank testing on simulated data
Testing power on a repeated observations design experiment.
Sample size = 6
Testing power on a repeated observations design experiment.
Sample size = 8
Performing rank testing on simulated data
Simulating independent observations experiment
Testing power on an independent observations design experiment.
Mean sample size per group = 6.5
Performing ANOVA testing on simulated data
Testing power on an independent observations design experiment.
Mean sample size per group = 7.5
Performing ANOVA testing on simulated data
Testing power on an independent observations design experiment.
Mean sample size per group = 8.5
Performing ANOVA testing on simulated data
Testing power on an independent observations design experiment.
Mean sample size per group = 9.5
Performing ANOVA testing on simulated data
Performing ANOVA testing on simulated data
Performing ANOVA testing on simulated data
Performing ANOVA testing on simulated data
Performing ANOVA testing on simulated data
Testing power on an independent observations design experiment.
Sample size per group = 5
Testing power on an independent observations design experiment.
Sample size per group = 5
Testing power on an independent observations design experiment.
Sample size per group = 5
Testing power on an independent observations design experiment.
Mean sample size per group = 7.1
Performing ANOVA testing on simulated data
Testing power on an independent observations design experiment.
Mean sample size per group = 7.1
Performing permutation testing on simulated data
Testing power on an independent observations design experiment.
Mean sample size per group = 7.1
Performing rank testing on simulated data
Testing power on a repeated observations design experiment.
Sample size = 5
Testing power on a repeated observations design experiment.
Sample size = 5
Testing power on a repeated observations design experiment.
Sample size = 5
Testing power on a repeated observations design experiment.
Sample size = 5
Testing power on a repeated observations design experiment.
Sample size = 5
Testing power on a repeated observations design experiment.
Sample size = 5
Testing power on a repeated observations design experiment.
Sample size = 15
Testing power on a repeated observations design experiment.
Sample size = 15
Testing power on a repeated observations design experiment.
Sample size = 15
Testing power on a repeated observations design experiment.
Sample size = 5
Performing rank testing on simulated data
Testing power on a repeated observations design experiment.
Sample size = 5
Performing rank testing on simulated data
Testing power on a repeated observations design experiment.
Sample size = 15
Performing rank testing on simulated data
Testing power on a repeated observations design experiment.
Sample size = 5
Performing ANOVA testing on simulated data
Testing power on a repeated observations design experiment.
Sample size = 5
Performing ANOVA testing on simulated data
Testing power on a repeated observations design experiment.
Sample size = 15
Performing ANOVA testing on simulated data
Testing power on a repeated observations design experiment.
Sample size = 5
Performing permutation testing on simulated data
Testing power on a repeated observations design experiment.
Sample size = 5
Performing permutation testing on simulated data
Testing power on a repeated observations design experiment.
Sample size = 15
Performing permutation testing on simulated data
Testing power on a repeated observations design experiment.
Sample size = 6
Testing power on a repeated observations design experiment.
Sample size = 5
Testing power on a repeated observations design experiment.
Sample size = 4
Testing power on a repeated observations design experiment.
Sample size = 3
Performing rank testing on simulated data
Testing power on a repeated observations design experiment.
Sample size = 6
Testing power on a repeated observations design experiment.
Sample size = 5
Testing power on a repeated observations design experiment.
Sample size = 4
Testing power on a repeated observations design experiment.
Sample size = 3
Performing rank testing on simulated data
Testing power on a repeated observations design experiment.
Sample size = 6
Testing power on a repeated observations design experiment.
Sample size = 5
Testing power on a repeated observations design experiment.
Sample size = 4
Testing power on a repeated observations design experiment.
Sample size = 3
Performing rank testing on simulated data
Testing power on a repeated observations design experiment.
Sample size = 6
Testing power on a repeated observations design experiment.
Sample size = 5
Testing power on a repeated observations design experiment.
Sample size = 4
Testing power on a repeated observations design experiment.
Sample size = 3
Performing ANOVA testing on simulated data
Testing power on a repeated observations design experiment.
Sample size = 6
Testing power on a repeated observations design experiment.
Sample size = 5
Testing power on a repeated observations design experiment.
Sample size = 4
Testing power on a repeated observations design experiment.
Sample size = 3
Performing ANOVA testing on simulated data
Testing power on a repeated observations design experiment.
Sample size = 6
Testing power on a repeated observations design experiment.
Sample size = 5
Testing power on a repeated observations design experiment.
Sample size = 4
Testing power on a repeated observations design experiment.
Sample size = 3
Performing ANOVA testing on simulated data
Testing power on a repeated observations design experiment.
Sample size = 6
Testing power on a repeated observations design experiment.
Sample size = 5
Testing power on a repeated observations design experiment.
Sample size = 4
Testing power on a repeated observations design experiment.
Sample size = 3
Performing permutation testing on simulated data
Testing power on a repeated observations design experiment.
Sample size = 6
Testing power on a repeated observations design experiment.
Sample size = 5
Testing power on a repeated observations design experiment.
Sample size = 4
Testing power on a repeated observations design experiment.
Sample size = 3
Performing permutation testing on simulated data
Testing power on a repeated observations design experiment.
Sample size = 6
Testing power on a repeated observations design experiment.
Sample size = 5
Testing power on a repeated observations design experiment.
Sample size = 4
Testing power on a repeated observations design experiment.
Sample size = 3
Performing permutation testing on simulated data
[ FAIL 1 | WARN 439 | SKIP 0 | PASS 279 ]
══ Failed tests ════════════════════════════════════════════════════════════════
── Failure ('test-twoway_simulation_testing.R:168:3'): correct within factor is used ──
res_fB[2, 2] is not strictly less than 0.5. Difference: 0.0143
[ FAIL 1 | WARN 439 | SKIP 0 | PASS 279 ]
Error: Test failures
Execution halted
Flavor: r-oldrel-macos-arm64