Last updated on 2025-10-25 05:50:01 CEST.
| Flavor | Version | Tinstall | Tcheck | Ttotal | Status | Flags |
|---|---|---|---|---|---|---|
| r-devel-linux-x86_64-debian-clang | 0.1.0 | 4.41 | 43.13 | 47.54 | OK | |
| r-devel-linux-x86_64-debian-gcc | 0.1.0 | 3.21 | 32.45 | 35.66 | OK | |
| r-devel-linux-x86_64-fedora-clang | 0.1.0 | 12.00 | 60.16 | 72.16 | OK | |
| r-devel-linux-x86_64-fedora-gcc | 0.1.0 | 78.46 | OK | |||
| r-devel-windows-x86_64 | 0.1.0 | 6.00 | 58.00 | 64.00 | OK | |
| r-patched-linux-x86_64 | 0.1.0 | 4.27 | 38.14 | 42.41 | OK | |
| r-release-linux-x86_64 | 0.1.0 | 4.29 | 38.45 | 42.74 | OK | |
| r-release-macos-arm64 | 0.1.0 | 2.00 | 37.00 | 39.00 | OK | |
| r-release-macos-x86_64 | 0.1.0 | 4.00 | 49.00 | 53.00 | OK | |
| r-release-windows-x86_64 | 0.1.0 | 6.00 | 58.00 | 64.00 | OK | |
| r-oldrel-macos-arm64 | 0.1.0 | 2.00 | 27.00 | 29.00 | NOTE | |
| r-oldrel-macos-x86_64 | 0.1.0 | 3.00 | 40.00 | 43.00 | NOTE | |
| r-oldrel-windows-x86_64 | 0.1.0 | 7.00 | 70.00 | 77.00 | NOTE |
Version: 0.1.0
Check: LazyData
Result: NOTE
'LazyData' is specified without a 'data' directory
Flavors: r-oldrel-macos-arm64, r-oldrel-macos-x86_64, r-oldrel-windows-x86_64