Last updated on 2025-10-25 05:50:01 CEST.
| Flavor | Version | Tinstall | Tcheck | Ttotal | Status | Flags |
|---|---|---|---|---|---|---|
| r-devel-linux-x86_64-debian-clang | 1.0 | 2.08 | 39.85 | 41.93 | OK | |
| r-devel-linux-x86_64-debian-gcc | 1.0 | 1.51 | 29.81 | 31.32 | OK | |
| r-devel-linux-x86_64-fedora-clang | 1.0 | 63.66 | NOTE | |||
| r-devel-linux-x86_64-fedora-gcc | 1.0 | 73.72 | NOTE | |||
| r-devel-windows-x86_64 | 1.0 | 4.00 | 60.00 | 64.00 | OK | |
| r-patched-linux-x86_64 | 1.0 | 1.81 | 35.12 | 36.93 | OK | |
| r-release-linux-x86_64 | 1.0 | 2.04 | 34.82 | 36.86 | OK | |
| r-release-macos-arm64 | 1.0 | 2.00 | 42.00 | 44.00 | OK | |
| r-release-macos-x86_64 | 1.0 | 2.00 | 69.00 | 71.00 | OK | |
| r-release-windows-x86_64 | 1.0 | 5.00 | 62.00 | 67.00 | OK | |
| r-oldrel-macos-arm64 | 1.0 | 1.00 | 28.00 | 29.00 | OK | |
| r-oldrel-macos-x86_64 | 1.0 | 2.00 | 56.00 | 58.00 | OK | |
| r-oldrel-windows-x86_64 | 1.0 | 5.00 | 70.00 | 75.00 | OK |
Version: 1.0
Check: dependencies in R code
Result: NOTE
Namespace in Imports field not imported from: ‘dplyr’
All declared Imports should be used.
Flavors: r-devel-linux-x86_64-fedora-clang, r-devel-linux-x86_64-fedora-gcc