CRAN Package Check Results for Package fairness

Last updated on 2025-11-16 04:48:34 CET.

Flavor Version Tinstall Tcheck Ttotal Status Flags
r-devel-linux-x86_64-debian-clang 1.2.2 17.18 181.83 199.01 WARN
r-devel-linux-x86_64-debian-gcc 1.2.2 13.35 128.52 141.87 WARN
r-devel-linux-x86_64-fedora-clang 1.2.2 44.00 270.93 314.93 WARN
r-devel-linux-x86_64-fedora-gcc 1.2.2 36.00 280.23 316.23 WARN
r-devel-windows-x86_64 1.2.2 23.00 170.00 193.00 WARN
r-patched-linux-x86_64 1.2.2 15.63 171.84 187.47 WARN
r-release-linux-x86_64 1.2.2 18.36 170.22 188.58 WARN
r-release-macos-arm64 1.2.2 7.00 74.00 81.00 OK
r-release-macos-x86_64 1.2.2 14.00 137.00 151.00 OK
r-release-windows-x86_64 1.2.2 20.00 167.00 187.00 WARN
r-oldrel-macos-arm64 1.2.2 8.00 72.00 80.00 OK
r-oldrel-macos-x86_64 1.2.2 12.00 117.00 129.00 OK
r-oldrel-windows-x86_64 1.2.2 26.00 214.00 240.00 WARN

Check Details

Version: 1.2.2
Check: whether package can be installed
Result: WARN Found the following significant warnings: Warning: replacing previous import ‘e1071::element’ by ‘ggplot2::element’ when loading ‘fairness’ Flavors: r-devel-linux-x86_64-debian-clang, r-devel-linux-x86_64-debian-gcc, r-devel-linux-x86_64-fedora-clang, r-devel-linux-x86_64-fedora-gcc, r-devel-windows-x86_64, r-patched-linux-x86_64, r-release-linux-x86_64, r-release-windows-x86_64, r-oldrel-windows-x86_64