Last updated on 2025-10-16 05:51:01 CEST.
Flavor | Version | Tinstall | Tcheck | Ttotal | Status | Flags |
---|---|---|---|---|---|---|
r-devel-linux-x86_64-debian-clang | 0.2 | 3.26 | 23.95 | 27.21 | NOTE | |
r-devel-linux-x86_64-debian-gcc | 0.2 | 2.41 | 19.96 | 22.37 | NOTE | |
r-devel-linux-x86_64-fedora-clang | 0.2 | 41.76 | NOTE | |||
r-devel-linux-x86_64-fedora-gcc | 0.2 | 39.18 | NOTE | |||
r-devel-windows-x86_64 | 0.2 | 5.00 | 41.00 | 46.00 | OK | |
r-patched-linux-x86_64 | 0.2 | 2.87 | 23.31 | 26.18 | OK | |
r-release-linux-x86_64 | 0.2 | 2.79 | 22.95 | 25.74 | OK | |
r-release-macos-arm64 | 0.2 | 17.00 | OK | |||
r-release-macos-x86_64 | 0.2 | 27.00 | OK | |||
r-release-windows-x86_64 | 0.2 | 5.00 | 54.00 | 59.00 | OK | |
r-oldrel-macos-arm64 | 0.2 | 17.00 | OK | |||
r-oldrel-macos-x86_64 | 0.2 | 23.00 | OK | |||
r-oldrel-windows-x86_64 | 0.2 | 5.00 | 40.00 | 45.00 | OK |
Version: 0.2
Check: CRAN incoming feasibility
Result: NOTE
Maintainer: ‘Hao Chen <hxchen@ucdavis.edu>’
No Authors@R field in DESCRIPTION.
Please add one, modifying
Authors@R: c(person(given = "Hao",
family = "Chen",
role = c("aut", "cre"),
email = "hxchen@ucdavis.edu"),
person(given = c("Nancy", "R."),
family = "Zhang",
role = "aut"))
as necessary.
Flavors: r-devel-linux-x86_64-debian-clang, r-devel-linux-x86_64-debian-gcc
Version: 0.2
Check: compiled code
Result: NOTE
File ‘falcon/libs/falcon.so’:
Found no calls to: ‘R_registerRoutines’, ‘R_useDynamicSymbols’
It is good practice to register native routines and to disable symbol
search.
See ‘Writing portable packages’ in the ‘Writing R Extensions’ manual.
Flavors: r-devel-linux-x86_64-fedora-clang, r-devel-linux-x86_64-fedora-gcc