Last updated on 2025-02-22 04:51:11 CET.
Flavor | Version | Tinstall | Tcheck | Ttotal | Status | Flags |
---|---|---|---|---|---|---|
r-devel-linux-x86_64-debian-clang | 1.0.2 | 33.11 | 45.82 | 78.93 | NOTE | |
r-devel-linux-x86_64-debian-gcc | 1.0.2 | 23.22 | 33.73 | 56.95 | NOTE | |
r-devel-linux-x86_64-fedora-clang | 1.0.2 | 138.65 | NOTE | |||
r-devel-linux-x86_64-fedora-gcc | 1.0.2 | 149.85 | NOTE | |||
r-devel-macos-arm64 | 1.0.2 | 48.00 | NOTE | |||
r-devel-macos-x86_64 | 1.0.2 | 81.00 | NOTE | |||
r-devel-windows-x86_64 | 1.0.2 | 37.00 | 98.00 | 135.00 | NOTE | |
r-patched-linux-x86_64 | 1.0.2 | 32.36 | 43.17 | 75.53 | NOTE | |
r-release-linux-x86_64 | 1.0.2 | 35.41 | 43.67 | 79.08 | NOTE | |
r-release-macos-arm64 | 1.0.2 | 45.00 | NOTE | |||
r-release-macos-x86_64 | 1.0.2 | 69.00 | NOTE | |||
r-release-windows-x86_64 | 1.0.2 | 36.00 | 99.00 | 135.00 | NOTE | |
r-oldrel-macos-arm64 | 1.0.2 | 51.00 | NOTE | |||
r-oldrel-macos-x86_64 | 1.0.2 | 79.00 | NOTE | |||
r-oldrel-windows-x86_64 | 1.0.2 | 41.00 | 105.00 | 146.00 | NOTE |
Version: 1.0.2
Check: C++ specification
Result: NOTE
Specified C++11: please drop specification unless essential
Flavors: r-devel-linux-x86_64-debian-clang, r-devel-linux-x86_64-debian-gcc, r-devel-linux-x86_64-fedora-clang, r-devel-linux-x86_64-fedora-gcc, r-devel-macos-arm64, r-devel-macos-x86_64, r-devel-windows-x86_64, r-patched-linux-x86_64, r-release-linux-x86_64, r-release-macos-arm64, r-release-macos-x86_64, r-release-windows-x86_64, r-oldrel-macos-arm64, r-oldrel-macos-x86_64, r-oldrel-windows-x86_64
Version: 1.0.2
Check: installed package size
Result: NOTE
installed size is 7.2Mb
sub-directories of 1Mb or more:
images 3.1Mb
libs 2.9Mb
Flavors: r-release-macos-arm64, r-release-macos-x86_64, r-release-windows-x86_64, r-oldrel-macos-arm64, r-oldrel-macos-x86_64, r-oldrel-windows-x86_64