Last updated on 2025-02-22 04:51:11 CET.
Flavor | Version | Tinstall | Tcheck | Ttotal | Status | Flags |
---|---|---|---|---|---|---|
r-devel-linux-x86_64-debian-clang | 1.2.0 | 23.69 | 28.70 | 52.39 | NOTE | |
r-devel-linux-x86_64-debian-gcc | 1.2.0 | 19.60 | 23.99 | 43.59 | NOTE | |
r-devel-linux-x86_64-fedora-clang | 1.2.0 | 91.92 | NOTE | |||
r-devel-linux-x86_64-fedora-gcc | 1.2.0 | 92.29 | NOTE | |||
r-devel-macos-arm64 | 1.2.0 | 28.00 | NOTE | |||
r-devel-macos-x86_64 | 1.2.0 | 60.00 | NOTE | |||
r-devel-windows-x86_64 | 1.2.0 | 25.00 | 70.00 | 95.00 | NOTE | |
r-patched-linux-x86_64 | 1.2.0 | 24.42 | 29.61 | 54.03 | NOTE | |
r-release-linux-x86_64 | 1.2.0 | 24.70 | 29.52 | 54.22 | NOTE | |
r-release-macos-arm64 | 1.2.0 | 28.00 | NOTE | |||
r-release-macos-x86_64 | 1.2.0 | 39.00 | NOTE | |||
r-release-windows-x86_64 | 1.2.0 | 25.00 | 71.00 | 96.00 | NOTE | |
r-oldrel-macos-arm64 | 1.2.0 | 29.00 | NOTE | |||
r-oldrel-macos-x86_64 | 1.2.0 | 50.00 | NOTE | |||
r-oldrel-windows-x86_64 | 1.2.0 | 31.00 | 79.00 | 110.00 | OK |
Version: 1.2.0
Check: Rd files
Result: NOTE
checkRd: (-1) eigen_compute_single_entry_of_diagonal_matrix.Rd:17: Lost braces; missing escapes or markup?
17 | The value of m^{-1}_{j,j}
| ^
checkRd: (-1) eigen_compute_single_entry_of_diagonal_matrix.Rd:17: Lost braces; missing escapes or markup?
17 | The value of m^{-1}_{j,j}
| ^
Flavors: r-devel-linux-x86_64-debian-clang, r-devel-linux-x86_64-debian-gcc, r-devel-linux-x86_64-fedora-clang, r-devel-linux-x86_64-fedora-gcc, r-devel-macos-arm64, r-devel-macos-x86_64, r-devel-windows-x86_64, r-patched-linux-x86_64, r-release-linux-x86_64, r-release-macos-arm64, r-release-macos-x86_64, r-release-windows-x86_64
Version: 1.2.0
Check: installed package size
Result: NOTE
installed size is 7.8Mb
sub-directories of 1Mb or more:
libs 7.6Mb
Flavors: r-release-macos-arm64, r-release-macos-x86_64, r-oldrel-macos-arm64, r-oldrel-macos-x86_64