Last updated on 2025-02-21 04:51:46 CET.
Flavor | Version | Tinstall | Tcheck | Ttotal | Status | Flags |
---|---|---|---|---|---|---|
r-devel-linux-x86_64-debian-clang | 0.1-103 | 65.61 | 204.73 | 270.34 | OK | |
r-devel-linux-x86_64-debian-gcc | 0.1-103 | 50.07 | 128.26 | 178.33 | OK | |
r-devel-linux-x86_64-fedora-clang | 0.1-103 | 450.49 | OK | |||
r-devel-linux-x86_64-fedora-gcc | 0.1-103 | 449.94 | OK | |||
r-devel-macos-arm64 | 0.1-103 | 120.00 | OK | |||
r-devel-macos-x86_64 | 0.1-103 | 269.00 | OK | |||
r-devel-windows-x86_64 | 0.1-103 | 73.00 | 199.00 | 272.00 | OK | |
r-patched-linux-x86_64 | 0.1-103 | 66.88 | 189.01 | 255.89 | NOTE | |
r-release-linux-x86_64 | 0.1-103 | 65.20 | 186.92 | 252.12 | NOTE | |
r-release-macos-arm64 | 0.1-103 | 72.00 | NOTE | |||
r-release-macos-x86_64 | 0.1-103 | 125.00 | NOTE | |||
r-release-windows-x86_64 | 0.1-103 | 72.00 | 197.00 | 269.00 | NOTE | |
r-oldrel-macos-arm64 | 0.1-103 | 126.00 | NOTE | |||
r-oldrel-macos-x86_64 | 0.1-103 | 309.00 | NOTE | |||
r-oldrel-windows-x86_64 | 0.1-103 | 92.00 | 253.00 | 345.00 | NOTE |
Version: 0.1-103
Check: for GNU extensions in Makefiles
Result: NOTE
GNU make is a SystemRequirements.
Flavors: r-patched-linux-x86_64, r-release-linux-x86_64, r-release-macos-arm64, r-release-macos-x86_64, r-release-windows-x86_64, r-oldrel-macos-arm64, r-oldrel-macos-x86_64, r-oldrel-windows-x86_64
Version: 0.1-103
Check: installed package size
Result: NOTE
installed size is 8.4Mb
sub-directories of 1Mb or more:
data 4.5Mb
doc 1.1Mb
libs 2.8Mb
Flavors: r-release-macos-arm64, r-release-macos-x86_64, r-release-windows-x86_64, r-oldrel-macos-arm64, r-oldrel-macos-x86_64, r-oldrel-windows-x86_64