Last updated on 2024-08-25 05:49:21 CEST.
Flavor | Version | Tinstall | Tcheck | Ttotal | Status | Flags |
---|---|---|---|---|---|---|
r-devel-linux-x86_64-debian-clang | 0.5.2 | 55.21 | 44.16 | 99.37 | NOTE | |
r-devel-linux-x86_64-debian-gcc | 0.5.2 | 33.33 | 31.92 | 65.25 | NOTE | |
r-devel-linux-x86_64-fedora-clang | 0.5.2 | 173.06 | NOTE | |||
r-devel-linux-x86_64-fedora-gcc | 0.5.2 | 176.25 | NOTE | |||
r-devel-windows-x86_64 | 0.5.2 | 48.00 | 63.00 | 111.00 | NOTE | |
r-patched-linux-x86_64 | 0.5.2 | 52.74 | 42.91 | 95.65 | NOTE | |
r-release-linux-x86_64 | 0.5.2 | 47.94 | 42.28 | 90.22 | NOTE | |
r-release-macos-arm64 | 0.5.2 | 51.00 | NOTE | |||
r-release-macos-x86_64 | 0.5.2 | 76.00 | NOTE | |||
r-release-windows-x86_64 | 0.5.2 | 48.00 | 62.00 | 110.00 | NOTE | |
r-oldrel-macos-arm64 | 0.5.2 | 48.00 | OK | |||
r-oldrel-macos-x86_64 | 0.5.2 | 143.00 | OK | |||
r-oldrel-windows-x86_64 | 0.5.2 | 48.00 | 69.00 | 117.00 | OK |
Version: 0.5.2
Check: Rd files
Result: NOTE
checkRd: (-1) Error-Classes.Rd:107-119: Lost braces
107 | \item \code{do_verbose(response, template)} {
| ^
checkRd: (-1) Error.Rd:33-45: Lost braces
33 | \item \code{do(response, mssg)} {
| ^
Flavors: r-devel-linux-x86_64-debian-clang, r-devel-linux-x86_64-debian-gcc, r-devel-linux-x86_64-fedora-clang, r-devel-linux-x86_64-fedora-gcc, r-devel-windows-x86_64, r-patched-linux-x86_64, r-release-linux-x86_64, r-release-macos-arm64, r-release-macos-x86_64, r-release-windows-x86_64