Last updated on 2024-08-25 05:49:21 CEST.
Flavor | Version | Tinstall | Tcheck | Ttotal | Status | Flags |
---|---|---|---|---|---|---|
r-devel-linux-x86_64-debian-clang | 1.1.1 | 232.55 | 81.70 | 314.25 | OK | |
r-devel-linux-x86_64-debian-gcc | 1.1.1 | 141.89 | 57.39 | 199.28 | OK | |
r-devel-linux-x86_64-fedora-clang | 1.1.1 | 450.54 | OK | |||
r-devel-linux-x86_64-fedora-gcc | 1.1.1 | 543.96 | OK | |||
r-devel-windows-x86_64 | 1.1.1 | 169.00 | 114.00 | 283.00 | OK | |
r-patched-linux-x86_64 | 1.1.1 | 201.11 | 75.62 | 276.73 | OK | |
r-release-linux-x86_64 | 1.1.1 | 197.84 | 75.71 | 273.55 | OK | |
r-release-macos-arm64 | 1.1.1 | 119.00 | NOTE | |||
r-release-macos-x86_64 | 1.1.1 | 148.00 | NOTE | |||
r-release-windows-x86_64 | 1.1.1 | 173.00 | 115.00 | 288.00 | OK | |
r-oldrel-macos-arm64 | 1.1.1 | 130.00 | NOTE | |||
r-oldrel-macos-x86_64 | 1.1.1 | 272.00 | NOTE | |||
r-oldrel-windows-x86_64 | 1.1.1 | 208.00 | 140.00 | 348.00 | OK |
Version: 1.1.1
Check: installed package size
Result: NOTE
installed size is 25.5Mb
sub-directories of 1Mb or more:
libs 25.1Mb
Flavors: r-release-macos-arm64, r-release-macos-x86_64, r-oldrel-macos-arm64, r-oldrel-macos-x86_64