Last updated on 2025-11-16 04:48:34 CET.
| Flavor | Version | Tinstall | Tcheck | Ttotal | Status | Flags |
|---|---|---|---|---|---|---|
| r-devel-linux-x86_64-debian-clang | 0.6.0 | 219.03 | 192.49 | 411.52 | OK | |
| r-devel-linux-x86_64-debian-gcc | 0.6.0 | 173.73 | 151.56 | 325.29 | OK | |
| r-devel-linux-x86_64-fedora-clang | 0.6.0 | 536.00 | 202.37 | 738.37 | OK | |
| r-devel-linux-x86_64-fedora-gcc | 0.6.0 | 318.00 | 414.22 | 732.22 | OK | |
| r-devel-windows-x86_64 | 0.6.0 | 226.00 | 218.00 | 444.00 | OK | |
| r-patched-linux-x86_64 | 0.6.0 | 224.28 | 207.70 | 431.98 | OK | |
| r-release-linux-x86_64 | 0.6.0 | 216.06 | 207.22 | 423.28 | OK | |
| r-release-macos-arm64 | 0.6.0 | 85.00 | 84.00 | 169.00 | OK | |
| r-release-macos-x86_64 | 0.6.0 | 74.00 | 152.00 | 226.00 | OK | |
| r-release-windows-x86_64 | 0.6.0 | 211.00 | 216.00 | 427.00 | OK | |
| r-oldrel-macos-arm64 | 0.6.0 | 109.00 | 119.00 | 228.00 | NOTE | |
| r-oldrel-macos-x86_64 | 0.6.0 | 91.00 | 211.00 | 302.00 | NOTE | |
| r-oldrel-windows-x86_64 | 0.6.0 | 268.00 | 269.00 | 537.00 | OK |
Version: 0.6.0
Check: installed package size
Result: NOTE
installed size is 40.2Mb
sub-directories of 1Mb or more:
libs 38.5Mb
Flavors: r-oldrel-macos-arm64, r-oldrel-macos-x86_64