Last updated on 2025-02-22 04:51:12 CET.
Flavor | Version | Tinstall | Tcheck | Ttotal | Status | Flags |
---|---|---|---|---|---|---|
r-devel-linux-x86_64-debian-clang | 1.4 | 10.68 | 87.10 | 97.78 | OK | |
r-devel-linux-x86_64-debian-gcc | 1.4 | 7.44 | 60.92 | 68.36 | OK | |
r-devel-linux-x86_64-fedora-clang | 1.4 | 155.57 | OK | |||
r-devel-linux-x86_64-fedora-gcc | 1.4 | 147.65 | OK | |||
r-devel-macos-arm64 | 1.4 | 44.00 | OK | |||
r-devel-macos-x86_64 | 1.4 | 86.00 | OK | |||
r-devel-windows-x86_64 | 1.4 | 8.00 | 5.00 | 13.00 | ERROR | |
r-patched-linux-x86_64 | 1.4 | 9.49 | 80.20 | 89.69 | OK | |
r-release-linux-x86_64 | 1.4 | 9.95 | 79.08 | 89.03 | OK | |
r-release-macos-arm64 | 1.4 | 38.00 | OK | |||
r-release-macos-x86_64 | 1.4 | 67.00 | OK | |||
r-release-windows-x86_64 | 1.4 | 8.00 | 5.00 | 13.00 | ERROR | |
r-oldrel-macos-arm64 | 1.4 | 46.00 | OK | |||
r-oldrel-macos-x86_64 | 1.4 | 78.00 | OK | |||
r-oldrel-windows-x86_64 | 1.4 | 11.00 | 8.00 | 19.00 | ERROR |
Version: 1.4
Check: whether package can be installed
Result: ERROR
Installation failed.
Flavors: r-devel-windows-x86_64, r-release-windows-x86_64, r-oldrel-windows-x86_64