Last updated on 2025-11-16 04:48:34 CET.
| Flavor | Version | Tinstall | Tcheck | Ttotal | Status | Flags |
|---|---|---|---|---|---|---|
| r-devel-linux-x86_64-debian-clang | 2.4 | 5.60 | 62.85 | 68.45 | NOTE | |
| r-devel-linux-x86_64-debian-gcc | 2.4 | 3.90 | 45.62 | 49.52 | NOTE | |
| r-devel-linux-x86_64-fedora-clang | 2.4 | 32.00 | 85.09 | 117.09 | OK | |
| r-devel-linux-x86_64-fedora-gcc | 2.4 | 11.00 | 100.71 | 111.71 | OK | |
| r-devel-windows-x86_64 | 2.4 | 10.00 | 70.00 | 80.00 | OK | |
| r-patched-linux-x86_64 | 2.4 | 4.99 | 58.00 | 62.99 | OK | |
| r-release-linux-x86_64 | 2.4 | 4.77 | 57.50 | 62.27 | OK | |
| r-release-macos-arm64 | 2.4 | 4.00 | 50.00 | 54.00 | OK | |
| r-release-macos-x86_64 | 2.4 | 7.00 | 85.00 | 92.00 | OK | |
| r-release-windows-x86_64 | 2.4 | 7.00 | 71.00 | 78.00 | OK | |
| r-oldrel-macos-arm64 | 2.4 | 2.00 | 31.00 | 33.00 | OK | |
| r-oldrel-macos-x86_64 | 2.4 | 5.00 | 61.00 | 66.00 | OK | |
| r-oldrel-windows-x86_64 | 2.4 | 10.00 | 87.00 | 97.00 | OK |
Version: 2.4
Check: CRAN incoming feasibility
Result: NOTE
Maintainer: ‘Joshua Millstein <joshua.millstein@usc.edu>’
Package CITATION file contains call(s) to old-style personList() or
as.personList(). Please use c() on person objects instead.
Package CITATION file contains call(s) to old-style citEntry(). Please
use bibentry() instead.
Flavors: r-devel-linux-x86_64-debian-clang, r-devel-linux-x86_64-debian-gcc