Last updated on 2024-08-25 05:49:21 CEST.
Flavor | Version | Tinstall | Tcheck | Ttotal | Status | Flags |
---|---|---|---|---|---|---|
r-devel-linux-x86_64-debian-clang | 2.4 | 3.95 | 46.41 | 50.36 | OK | |
r-devel-linux-x86_64-debian-gcc | 2.4 | 3.25 | 34.51 | 37.76 | OK | |
r-devel-linux-x86_64-fedora-clang | 2.4 | 80.70 | OK | |||
r-devel-linux-x86_64-fedora-gcc | 2.4 | 90.47 | OK | |||
r-devel-windows-x86_64 | 2.4 | 7.00 | 64.00 | 71.00 | OK | |
r-patched-linux-x86_64 | 2.4 | 4.54 | 43.11 | 47.65 | OK | |
r-release-linux-x86_64 | 2.4 | 3.84 | 43.18 | 47.02 | OK | |
r-release-macos-arm64 | 2.4 | 33.00 | OK | |||
r-release-macos-x86_64 | 2.4 | 66.00 | OK | |||
r-release-windows-x86_64 | 2.4 | 6.00 | 64.00 | 70.00 | OK | |
r-oldrel-macos-arm64 | 2.4 | 37.00 | NOTE | |||
r-oldrel-macos-x86_64 | 2.4 | 48.00 | OK | |||
r-oldrel-windows-x86_64 | 2.4 | 8.00 | 70.00 | 78.00 | OK |
Version: 2.4
Check: package dependencies
Result: NOTE
Package suggested but not available for checking: ‘GEOquery’
Flavor: r-oldrel-macos-arm64