Last updated on 2025-02-22 04:51:12 CET.
Flavor | Version | Tinstall | Tcheck | Ttotal | Status | Flags |
---|---|---|---|---|---|---|
r-devel-linux-x86_64-debian-clang | 2.4 | 4.61 | 46.51 | 51.12 | OK | |
r-devel-linux-x86_64-debian-gcc | 2.4 | 3.44 | 34.05 | 37.49 | OK | |
r-devel-linux-x86_64-fedora-clang | 2.4 | 89.48 | OK | |||
r-devel-linux-x86_64-fedora-gcc | 2.4 | 97.38 | OK | |||
r-devel-macos-arm64 | 2.4 | 33.00 | OK | |||
r-devel-macos-x86_64 | 2.4 | 96.00 | OK | |||
r-devel-windows-x86_64 | 2.4 | 6.00 | 65.00 | 71.00 | OK | |
r-patched-linux-x86_64 | 2.4 | 4.48 | 43.87 | 48.35 | OK | |
r-release-linux-x86_64 | 2.4 | 4.54 | 43.44 | 47.98 | OK | |
r-release-macos-arm64 | 2.4 | 33.00 | OK | |||
r-release-macos-x86_64 | 2.4 | 66.00 | OK | |||
r-release-windows-x86_64 | 2.4 | 6.00 | 62.00 | 68.00 | OK | |
r-oldrel-macos-arm64 | 2.4 | 37.00 | NOTE | |||
r-oldrel-macos-x86_64 | 2.4 | 48.00 | OK | |||
r-oldrel-windows-x86_64 | 2.4 | 8.00 | 71.00 | 79.00 | OK |
Version: 2.4
Check: package dependencies
Result: NOTE
Package suggested but not available for checking: ‘GEOquery’
Flavor: r-oldrel-macos-arm64