Last updated on 2025-10-25 05:50:01 CEST.
| Flavor | Version | Tinstall | Tcheck | Ttotal | Status | Flags |
|---|---|---|---|---|---|---|
| r-devel-linux-x86_64-debian-clang | 1.5.4 | 8.90 | 140.35 | 149.25 | NOTE | |
| r-devel-linux-x86_64-debian-gcc | 1.5.4 | 5.70 | 89.75 | 95.45 | NOTE | |
| r-devel-linux-x86_64-fedora-clang | 1.5.4 | 48.00 | 187.86 | 235.86 | NOTE | |
| r-devel-linux-x86_64-fedora-gcc | 1.5.4 | 46.00 | 176.38 | 222.38 | NOTE | |
| r-devel-windows-x86_64 | 1.5.4 | 11.00 | 196.00 | 207.00 | OK | |
| r-patched-linux-x86_64 | 1.5.4 | 10.10 | 132.08 | 142.18 | OK | |
| r-release-linux-x86_64 | 1.5.4 | 8.75 | 129.73 | 138.48 | OK | |
| r-release-macos-arm64 | 1.5.4 | 4.00 | 61.00 | 65.00 | OK | |
| r-release-macos-x86_64 | 1.5.4 | 12.00 | 137.00 | 149.00 | OK | |
| r-release-windows-x86_64 | 1.5.4 | 10.00 | 190.00 | 200.00 | OK | |
| r-oldrel-macos-arm64 | 1.5.4 | 3.00 | 51.00 | 54.00 | OK | |
| r-oldrel-macos-x86_64 | 1.5.4 | 5.00 | 130.00 | 135.00 | OK | |
| r-oldrel-windows-x86_64 | 1.5.4 | 14.00 | 229.00 | 243.00 | OK |
Version: 1.5.4
Check: Rd files
Result: NOTE
checkRd: (-1) dBetaCorrBin.Rd:44: height/width attributes should be in pixels
checkRd: (-1) pBetaCorrBin.Rd:32: height/width attributes should be in pixels
Flavors: r-devel-linux-x86_64-debian-clang, r-devel-linux-x86_64-debian-gcc, r-devel-linux-x86_64-fedora-clang, r-devel-linux-x86_64-fedora-gcc