Last updated on 2025-10-25 05:50:01 CEST.
| Flavor | Version | Tinstall | Tcheck | Ttotal | Status | Flags |
|---|---|---|---|---|---|---|
| r-devel-linux-x86_64-debian-clang | 0.6.2 | 7.10 | 94.26 | 101.36 | OK | |
| r-devel-linux-x86_64-debian-gcc | 0.6.2 | 4.53 | 68.32 | 72.85 | OK | |
| r-devel-linux-x86_64-fedora-clang | 0.6.2 | 20.00 | 137.08 | 157.08 | NOTE | |
| r-devel-linux-x86_64-fedora-gcc | 0.6.2 | 14.00 | 147.70 | 161.70 | NOTE | |
| r-devel-windows-x86_64 | 0.6.2 | 10.00 | 105.00 | 115.00 | OK | |
| r-patched-linux-x86_64 | 0.6.2 | 6.76 | 87.45 | 94.21 | OK | |
| r-release-linux-x86_64 | 0.6.2 | 6.43 | 86.51 | 92.94 | OK | |
| r-release-macos-arm64 | 0.6.2 | 4.00 | 78.00 | 82.00 | OK | |
| r-release-macos-x86_64 | 0.6.2 | 7.00 | 112.00 | 119.00 | OK | |
| r-release-windows-x86_64 | 0.6.2 | 11.00 | 105.00 | 116.00 | OK | |
| r-oldrel-macos-arm64 | 0.6.2 | 3.00 | 39.00 | 42.00 | OK | |
| r-oldrel-macos-x86_64 | 0.6.2 | 4.00 | 72.00 | 76.00 | OK | |
| r-oldrel-windows-x86_64 | 0.6.2 | 12.00 | 144.00 | 156.00 | OK |
Version: 0.6.2
Check: dependencies in R code
Result: NOTE
Namespace in Imports field not imported from: ‘rstudioapi’
All declared Imports should be used.
Flavors: r-devel-linux-x86_64-fedora-clang, r-devel-linux-x86_64-fedora-gcc