CRAN Package Check Results for Package fixedTimeEvents

Last updated on 2025-11-16 04:48:35 CET.

Flavor Version Tinstall Tcheck Ttotal Status Flags
r-devel-linux-x86_64-debian-clang 1.0.1 1.86 27.20 29.06 OK
r-devel-linux-x86_64-debian-gcc 1.0.1 1.41 22.04 23.45 NOTE
r-devel-linux-x86_64-fedora-clang 1.0.1 45.27 OK
r-devel-linux-x86_64-fedora-gcc 1.0.1 54.74 OK
r-devel-windows-x86_64 1.0.1 4.00 47.00 51.00 OK
r-patched-linux-x86_64 1.0.1 2.00 24.80 26.80 OK
r-release-linux-x86_64 1.0.1 1.82 24.55 26.37 OK
r-release-macos-arm64 1.0.1 1.00 22.00 23.00 OK
r-release-macos-x86_64 1.0.1 2.00 37.00 39.00 OK
r-release-windows-x86_64 1.0.1 4.00 46.00 50.00 OK
r-oldrel-macos-arm64 1.0.1 1.00 21.00 22.00 OK
r-oldrel-macos-x86_64 1.0.1 2.00 34.00 36.00 OK
r-oldrel-windows-x86_64 1.0.1 3.00 51.00 54.00 OK

Check Details

Version: 1.0.1
Check: CRAN incoming feasibility
Result: NOTE Maintainer: ‘Kristian Hovde Liland <kristian.liland@nmbu.no>’ The BugReports field in DESCRIPTION has https://github.com/khliland/fixedTimeEvents/issues/ which should likely be https://github.com/khliland/fixedTimeEvents/issues/issues instead. Flavor: r-devel-linux-x86_64-debian-gcc