CRAN Package Check Results for Package flexpolyline

Last updated on 2025-11-16 04:48:35 CET.

Flavor Version Tinstall Tcheck Ttotal Status Flags
r-devel-linux-x86_64-debian-clang 0.3.0 10.51 38.52 49.03 OK
r-devel-linux-x86_64-debian-gcc 0.3.0 7.64 31.10 38.74 NOTE
r-devel-linux-x86_64-fedora-clang 0.3.0 50.00 36.17 86.17 OK
r-devel-linux-x86_64-fedora-gcc 0.3.0 21.00 70.90 91.90 OK
r-devel-windows-x86_64 0.3.0 19.00 71.00 90.00 OK
r-patched-linux-x86_64 0.3.0 11.60 35.80 47.40 OK
r-release-linux-x86_64 0.3.0 10.83 35.91 46.74 OK
r-release-macos-arm64 0.3.0 6.00 41.00 47.00 OK
r-release-macos-x86_64 0.3.0 9.00 54.00 63.00 OK
r-release-windows-x86_64 0.3.0 17.00 73.00 90.00 OK
r-oldrel-macos-arm64 0.3.0 7.00 28.00 35.00 OK
r-oldrel-macos-x86_64 0.3.0 8.00 41.00 49.00 OK
r-oldrel-windows-x86_64 0.3.0 20.00 82.00 102.00 OK

Check Details

Version: 0.3.0
Check: CRAN incoming feasibility
Result: NOTE Maintainer: ‘Merlin Unterfinger <info@munterfinger.ch>’ The BugReports field in DESCRIPTION has https://github.com/munterfi/flexpolyline/issues/ which should likely be https://github.com/munterfi/flexpolyline/issues/issues instead. Flavor: r-devel-linux-x86_64-debian-gcc