CRAN Package Check Results for Package flipr

Last updated on 2025-11-16 04:48:35 CET.

Flavor Version Tinstall Tcheck Ttotal Status Flags
r-devel-linux-x86_64-debian-clang 0.3.3 22.00 123.92 145.92 OK
r-devel-linux-x86_64-debian-gcc 0.3.3 15.70 91.59 107.29 NOTE
r-devel-linux-x86_64-fedora-clang 0.3.3 88.00 176.00 264.00 OK
r-devel-linux-x86_64-fedora-gcc 0.3.3 40.00 185.55 225.55 OK
r-devel-windows-x86_64 0.3.3 38.00 126.00 164.00 OK
r-patched-linux-x86_64 0.3.3 22.37 119.24 141.61 OK
r-release-linux-x86_64 0.3.3 20.50 117.99 138.49 OK
r-release-macos-arm64 0.3.3 13.00 67.00 80.00 OK
r-release-macos-x86_64 0.3.3 12.00 93.00 105.00 OK
r-release-windows-x86_64 0.3.3 30.00 124.00 154.00 OK
r-oldrel-macos-arm64 0.3.3 8.00 44.00 52.00 NOTE
r-oldrel-macos-x86_64 0.3.3 13.00 74.00 87.00 NOTE
r-oldrel-windows-x86_64 0.3.3 37.00 159.00 196.00 NOTE

Check Details

Version: 0.3.3
Check: CRAN incoming feasibility
Result: NOTE Maintainer: ‘Aymeric Stamm <aymeric.stamm@cnrs.fr>’ The BugReports field in DESCRIPTION has https://github.com/LMJL-Alea/flipr/issues/ which should likely be https://github.com/LMJL-Alea/flipr/issues/issues instead. Flavor: r-devel-linux-x86_64-debian-gcc

Version: 0.3.3
Check: installed package size
Result: NOTE installed size is 10.6Mb sub-directories of 1Mb or more: doc 9.1Mb Flavors: r-oldrel-macos-arm64, r-oldrel-macos-x86_64, r-oldrel-windows-x86_64