Last updated on 2025-11-16 04:48:35 CET.
| Flavor | Version | Tinstall | Tcheck | Ttotal | Status | Flags |
|---|---|---|---|---|---|---|
| r-devel-linux-x86_64-debian-clang | 0.7.6 | 5.11 | 47.43 | 52.54 | NOTE | |
| r-devel-linux-x86_64-debian-gcc | 0.7.6 | 3.77 | 34.65 | 38.42 | NOTE | |
| r-devel-linux-x86_64-fedora-clang | 0.7.6 | 21.00 | 63.34 | 84.34 | OK | |
| r-devel-linux-x86_64-fedora-gcc | 0.7.6 | 73.09 | OK | |||
| r-devel-windows-x86_64 | 0.7.6 | 8.00 | 67.00 | 75.00 | OK | |
| r-patched-linux-x86_64 | 0.7.6 | 5.37 | 44.13 | 49.50 | OK | |
| r-release-linux-x86_64 | 0.7.6 | 5.14 | 44.87 | 50.01 | OK | |
| r-release-macos-arm64 | 0.7.6 | 2.00 | 25.00 | 27.00 | OK | |
| r-release-macos-x86_64 | 0.7.6 | 4.00 | 37.00 | 41.00 | OK | |
| r-release-windows-x86_64 | 0.7.6 | 7.00 | 67.00 | 74.00 | OK | |
| r-oldrel-macos-arm64 | 0.7.6 | 2.00 | 19.00 | 21.00 | OK | |
| r-oldrel-macos-x86_64 | 0.7.6 | 3.00 | 31.00 | 34.00 | OK | |
| r-oldrel-windows-x86_64 | 0.7.6 | 8.00 | 78.00 | 86.00 | OK |
Version: 0.7.6
Check: CRAN incoming feasibility
Result: NOTE
Maintainer: ‘Minato Nakazawa <minatonakazawa@gmail.com>’
No Authors@R field in DESCRIPTION.
Please add one, modifying
Authors@R: person(given = "Minato",
family = "Nakazawa",
role = c("aut", "cre"),
email = "minatonakazawa@gmail.com")
as necessary.
Flavors: r-devel-linux-x86_64-debian-clang, r-devel-linux-x86_64-debian-gcc