Last updated on 2025-11-16 04:48:35 CET.
| Flavor | Version | Tinstall | Tcheck | Ttotal | Status | Flags |
|---|---|---|---|---|---|---|
| r-devel-linux-x86_64-debian-clang | 1.3.3 | 2.33 | 24.25 | 26.58 | OK | |
| r-devel-linux-x86_64-debian-gcc | 1.3.3 | 1.94 | 19.75 | 21.69 | OK | |
| r-devel-linux-x86_64-fedora-clang | 1.3.3 | 14.00 | 27.65 | 41.65 | OK | |
| r-devel-linux-x86_64-fedora-gcc | 1.3.3 | 37.68 | OK | |||
| r-devel-windows-x86_64 | 1.3.3 | 11.00 | 41.00 | 52.00 | OK | |
| r-patched-linux-x86_64 | 1.3.3 | 2.55 | 23.21 | 25.76 | OK | |
| r-release-linux-x86_64 | 1.3.3 | 2.42 | 23.18 | 25.60 | OK | |
| r-release-macos-arm64 | 1.3.3 | 2.00 | 16.00 | 18.00 | OK | |
| r-release-macos-x86_64 | 1.3.3 | 2.00 | 29.00 | 31.00 | OK | |
| r-release-windows-x86_64 | 1.3.3 | 4.00 | 41.00 | 45.00 | OK | |
| r-oldrel-macos-arm64 | 1.3.3 | 1.00 | 14.00 | 15.00 | NOTE | |
| r-oldrel-macos-x86_64 | 1.3.3 | 2.00 | 22.00 | 24.00 | NOTE | |
| r-oldrel-windows-x86_64 | 1.3.3 | 6.00 | 49.00 | 55.00 | NOTE |
Version: 1.3.3
Check: LazyData
Result: NOTE
'LazyData' is specified without a 'data' directory
Flavors: r-oldrel-macos-arm64, r-oldrel-macos-x86_64, r-oldrel-windows-x86_64