Last updated on 2025-10-25 05:50:02 CEST.
| Flavor | Version | Tinstall | Tcheck | Ttotal | Status | Flags |
|---|---|---|---|---|---|---|
| r-devel-linux-x86_64-debian-clang | 2.0.0 | 33.30 | 189.43 | 222.73 | OK | |
| r-devel-linux-x86_64-debian-gcc | 2.0.0 | 26.96 | 132.96 | 159.92 | OK | |
| r-devel-linux-x86_64-fedora-clang | 2.0.0 | 171.00 | 180.31 | 351.31 | OK | |
| r-devel-linux-x86_64-fedora-gcc | 2.0.0 | 96.00 | 246.13 | 342.13 | OK | |
| r-devel-windows-x86_64 | 2.0.0 | 30.00 | 162.00 | 192.00 | OK | |
| r-patched-linux-x86_64 | 2.0.0 | 35.41 | 177.69 | 213.10 | OK | |
| r-release-linux-x86_64 | 2.0.0 | 31.75 | 178.98 | 210.73 | OK | |
| r-release-macos-arm64 | 2.0.0 | 13.00 | 76.00 | 89.00 | OK | |
| r-release-macos-x86_64 | 2.0.0 | 22.00 | 157.00 | 179.00 | OK | |
| r-release-windows-x86_64 | 2.0.0 | 33.00 | 162.00 | 195.00 | OK | |
| r-oldrel-macos-arm64 | 2.0.0 | 12.00 | 100.00 | 112.00 | NOTE | |
| r-oldrel-macos-x86_64 | 2.0.0 | 23.00 | 158.00 | 181.00 | NOTE | |
| r-oldrel-windows-x86_64 | 2.0.0 | 42.00 | 213.00 | 255.00 | NOTE |
Version: 2.0.0
Check: package dependencies
Result: NOTE
Package suggested but not available for checking: ‘cmdstanr’
Flavors: r-oldrel-macos-arm64, r-oldrel-macos-x86_64, r-oldrel-windows-x86_64
Version: 2.0.0
Check: Rd cross-references
Result: NOTE
Package unavailable to check Rd xrefs: ‘cmdstanr’
Flavors: r-oldrel-macos-arm64, r-oldrel-macos-x86_64, r-oldrel-windows-x86_64