Last updated on 2025-02-21 04:51:46 CET.
Flavor | Version | Tinstall | Tcheck | Ttotal | Status | Flags |
---|---|---|---|---|---|---|
r-devel-linux-x86_64-debian-clang | 1.5.2 | 2.61 | 47.38 | 49.99 | OK | |
r-devel-linux-x86_64-debian-gcc | 1.5.2 | 1.82 | 34.62 | 36.44 | OK | |
r-devel-linux-x86_64-fedora-clang | 1.5.2 | 79.89 | OK | |||
r-devel-linux-x86_64-fedora-gcc | 1.5.2 | 91.27 | OK | |||
r-devel-macos-arm64 | 1.5.2 | 117.00 | OK | |||
r-devel-macos-x86_64 | 1.5.2 | 155.00 | OK | |||
r-devel-windows-x86_64 | 1.5.2 | 5.00 | 143.00 | 148.00 | OK | |
r-patched-linux-x86_64 | 1.5.2 | 2.63 | 45.03 | 47.66 | OK | |
r-release-linux-x86_64 | 1.5.2 | 2.15 | 46.28 | 48.43 | OK | |
r-release-macos-arm64 | 1.5.2 | 110.00 | OK | |||
r-release-macos-x86_64 | 1.5.2 | 150.00 | OK | |||
r-release-windows-x86_64 | 1.5.2 | 5.00 | 146.00 | 151.00 | NOTE | |
r-oldrel-macos-arm64 | 1.5.2 | 111.00 | OK | |||
r-oldrel-macos-x86_64 | 1.5.2 | 122.00 | OK | |||
r-oldrel-windows-x86_64 | 1.5.2 | 5.00 | 151.00 | 156.00 | NOTE |
Version: 1.5.2
Check: package dependencies
Result: NOTE
Package suggested but not available for checking: 'doMC'
Flavors: r-release-windows-x86_64, r-oldrel-windows-x86_64