CRAN Package Check Results for Package frequentdirections

Last updated on 2025-10-26 04:48:34 CET.

Flavor Version Tinstall Tcheck Ttotal Status Flags
r-devel-linux-x86_64-debian-clang 0.1.0 1.78 25.34 27.12 OK
r-devel-linux-x86_64-debian-gcc 0.1.0 1.30 20.62 21.92 OK
r-devel-linux-x86_64-fedora-clang 0.1.0 39.38 OK
r-devel-linux-x86_64-fedora-gcc 0.1.0 36.73 OK
r-devel-windows-x86_64 0.1.0 4.00 41.00 45.00 OK
r-patched-linux-x86_64 0.1.0 1.62 22.51 24.13 OK
r-release-linux-x86_64 0.1.0 1.75 22.46 24.21 OK
r-release-macos-arm64 0.1.0 2.00 23.00 25.00 OK
r-release-macos-x86_64 0.1.0 2.00 24.00 26.00 OK
r-release-windows-x86_64 0.1.0 3.00 44.00 47.00 OK
r-oldrel-macos-arm64 0.1.0 1.00 15.00 16.00 NOTE
r-oldrel-macos-x86_64 0.1.0 2.00 22.00 24.00 NOTE
r-oldrel-windows-x86_64 0.1.0 4.00 49.00 53.00 NOTE

Check Details

Version: 0.1.0
Check: LazyData
Result: NOTE 'LazyData' is specified without a 'data' directory Flavors: r-oldrel-macos-arm64, r-oldrel-macos-x86_64, r-oldrel-windows-x86_64