Last updated on 2024-08-25 05:49:21 CEST.
Flavor | Version | Tinstall | Tcheck | Ttotal | Status | Flags |
---|---|---|---|---|---|---|
r-devel-linux-x86_64-debian-clang | 2.4.4 | 24.74 | 223.09 | 247.83 | NOTE | |
r-devel-linux-x86_64-debian-gcc | 2.4.4 | 16.75 | 140.66 | 157.41 | NOTE | |
r-devel-linux-x86_64-fedora-clang | 2.4.4 | 427.85 | OK | |||
r-devel-linux-x86_64-fedora-gcc | 2.4.4 | 412.76 | OK | |||
r-devel-windows-x86_64 | 2.4.4 | 26.00 | 252.00 | 278.00 | NOTE | |
r-patched-linux-x86_64 | 2.4.4 | 28.71 | 211.24 | 239.95 | OK | |
r-release-linux-x86_64 | 2.4.4 | 22.66 | 209.38 | 232.04 | OK | |
r-release-macos-arm64 | 2.4.4 | 99.00 | OK | |||
r-release-macos-x86_64 | 2.4.4 | 150.00 | OK | |||
r-release-windows-x86_64 | 2.4.4 | 28.00 | 250.00 | 278.00 | OK | |
r-oldrel-macos-arm64 | 2.4.4 | 97.00 | OK | |||
r-oldrel-macos-x86_64 | 2.4.4 | 153.00 | OK | |||
r-oldrel-windows-x86_64 | 2.4.4 | 35.00 | 320.00 | 355.00 | OK |
Version: 2.4.4
Check: Rd cross-references
Result: NOTE
Found the following Rd file(s) with Rd \link{} targets missing package
anchors:
promaxQ.Rd: GPForth
Please provide package anchors for all Rd \link{} targets not in the
package itself and the base packages.
Flavors: r-devel-linux-x86_64-debian-clang, r-devel-linux-x86_64-debian-gcc, r-devel-windows-x86_64