Last updated on 2025-10-25 05:50:02 CEST.
| Flavor | Version | Tinstall | Tcheck | Ttotal | Status | Flags |
|---|---|---|---|---|---|---|
| r-devel-linux-x86_64-debian-clang | 1.0.0 | 3.69 | 41.86 | 45.55 | NOTE | |
| r-devel-linux-x86_64-debian-gcc | 1.0.0 | 2.48 | 31.77 | 34.25 | NOTE | |
| r-devel-linux-x86_64-fedora-clang | 1.0.0 | 14.00 | 57.24 | 71.24 | OK | |
| r-devel-linux-x86_64-fedora-gcc | 1.0.0 | 77.73 | OK | |||
| r-devel-windows-x86_64 | 1.0.0 | 5.00 | 56.00 | 61.00 | OK | |
| r-patched-linux-x86_64 | 1.0.0 | 3.97 | 37.80 | 41.77 | OK | |
| r-release-linux-x86_64 | 1.0.0 | 3.45 | 38.02 | 41.47 | OK | |
| r-release-macos-arm64 | 1.0.0 | 2.00 | 32.00 | 34.00 | OK | |
| r-release-macos-x86_64 | 1.0.0 | 4.00 | 53.00 | 57.00 | OK | |
| r-release-windows-x86_64 | 1.0.0 | 5.00 | 59.00 | 64.00 | OK | |
| r-oldrel-macos-arm64 | 1.0.0 | 2.00 | 34.00 | 36.00 | OK | |
| r-oldrel-macos-x86_64 | 1.0.0 | 3.00 | 46.00 | 49.00 | OK | |
| r-oldrel-windows-x86_64 | 1.0.0 | 6.00 | 68.00 | 74.00 | OK |
Version: 1.0.0
Check: CRAN incoming feasibility
Result: NOTE
Maintainer: ‘Carl Boettiger <cboettig@gmail.com>’
The BugReports field in DESCRIPTION has
https://github.com/ropensci/gbifdb
which should likely be
https://github.com/ropensci/gbifdb/issues
instead.
Flavors: r-devel-linux-x86_64-debian-clang, r-devel-linux-x86_64-debian-gcc