Last updated on 2025-10-16 05:51:03 CEST.
Flavor | Version | Tinstall | Tcheck | Ttotal | Status | Flags |
---|---|---|---|---|---|---|
r-devel-linux-x86_64-debian-clang | 2.2.2 | 33.88 | 115.39 | 149.27 | NOTE | |
r-devel-linux-x86_64-debian-gcc | 2.2.2 | 19.79 | 84.77 | 104.56 | NOTE | |
r-devel-linux-x86_64-fedora-clang | 2.2.2 | 283.49 | OK | |||
r-devel-linux-x86_64-fedora-gcc | 2.2.2 | 236.55 | OK | |||
r-devel-windows-x86_64 | 2.2.2 | 47.00 | 153.00 | 200.00 | OK | |
r-patched-linux-x86_64 | 2.2.2 | 28.01 | 110.31 | 138.32 | NOTE | |
r-release-linux-x86_64 | 2.2.2 | 27.50 | 110.62 | 138.12 | NOTE | |
r-release-macos-arm64 | 2.2.2 | 84.00 | OK | |||
r-release-macos-x86_64 | 2.2.2 | 179.00 | OK | |||
r-release-windows-x86_64 | 2.2.2 | 48.00 | 154.00 | 202.00 | OK | |
r-oldrel-macos-arm64 | 2.2.2 | 98.00 | OK | |||
r-oldrel-macos-x86_64 | 2.2.2 | 173.00 | OK | |||
r-oldrel-windows-x86_64 | 2.2.2 | 52.00 | 181.00 | 233.00 | OK |
Version: 2.2.2
Check: for unstated dependencies in ‘demo’
Result: NOTE
'library' or 'require' call not declared from: ‘MASS’
Flavors: r-devel-linux-x86_64-debian-clang, r-devel-linux-x86_64-debian-gcc, r-patched-linux-x86_64, r-release-linux-x86_64