Last updated on 2025-10-25 05:50:02 CEST.
| Flavor | Version | Tinstall | Tcheck | Ttotal | Status | Flags |
|---|---|---|---|---|---|---|
| r-devel-linux-x86_64-debian-clang | 0.3.4 | 15.84 | 142.10 | 157.94 | NOTE | |
| r-devel-linux-x86_64-debian-gcc | 0.3.4 | 10.89 | 108.99 | 119.88 | NOTE | |
| r-devel-linux-x86_64-fedora-clang | 0.3.4 | 56.00 | 215.89 | 271.89 | OK | |
| r-devel-linux-x86_64-fedora-gcc | 0.3.4 | 35.00 | 216.37 | 251.37 | OK | |
| r-devel-windows-x86_64 | 0.3.4 | 22.00 | 199.00 | 221.00 | OK | |
| r-patched-linux-x86_64 | 0.3.4 | 16.81 | 137.10 | 153.91 | OK | |
| r-release-linux-x86_64 | 0.3.4 | 14.69 | 135.90 | 150.59 | OK | |
| r-release-macos-arm64 | 0.3.4 | 7.00 | 66.00 | 73.00 | OK | |
| r-release-macos-x86_64 | 0.3.4 | 12.00 | 126.00 | 138.00 | OK | |
| r-release-windows-x86_64 | 0.3.4 | 22.00 | 193.00 | 215.00 | OK | |
| r-oldrel-macos-arm64 | 0.3.4 | 7.00 | 60.00 | 67.00 | OK | |
| r-oldrel-macos-x86_64 | 0.3.4 | 10.00 | 86.00 | 96.00 | OK | |
| r-oldrel-windows-x86_64 | 0.3.4 | 27.00 | 243.00 | 270.00 | OK |
Version: 0.3.4
Check: CRAN incoming feasibility
Result: NOTE
Maintainer: ‘Joshua French <joshua.french@ucdenver.edu>’
No Authors@R field in DESCRIPTION.
Please add one, modifying
Authors@R: person(given = "Joshua",
family = "French",
role = c("aut", "cre"),
email = "joshua.french@ucdenver.edu")
as necessary.
Flavors: r-devel-linux-x86_64-debian-clang, r-devel-linux-x86_64-debian-gcc