Last updated on 2024-05-13 05:52:31 CEST.
Flavor | Version | Tinstall | Tcheck | Ttotal | Status | Flags |
---|---|---|---|---|---|---|
r-devel-linux-x86_64-debian-clang | 1.0-2 | 11.37 | 167.99 | 179.36 | NOTE | |
r-devel-linux-x86_64-debian-gcc | 1.0-2 | 10.05 | 115.07 | 125.12 | NOTE | |
r-devel-linux-x86_64-fedora-clang | 1.0-2 | 224.02 | NOTE | |||
r-devel-linux-x86_64-fedora-gcc | 1.0-2 | 253.48 | NOTE | |||
r-devel-windows-x86_64 | 1.0-2 | 12.00 | 127.00 | 139.00 | NOTE | |
r-patched-linux-x86_64 | 1.0-2 | 11.50 | 151.84 | 163.34 | NOTE | |
r-release-linux-x86_64 | 1.0-2 | 9.06 | 153.10 | 162.16 | NOTE | |
r-release-macos-arm64 | 1.0-2 | 57.00 | NOTE | |||
r-release-windows-x86_64 | 1.0-2 | 14.00 | 128.00 | 142.00 | NOTE | |
r-oldrel-macos-arm64 | 1.0-2 | 47.00 | OK | |||
r-oldrel-macos-x86_64 | 1.0-2 | 152.00 | OK | |||
r-oldrel-windows-x86_64 | 1.0-2 | 16.00 | 164.00 | 180.00 | OK |
Version: 1.0-2
Check: Rd files
Result: NOTE
checkRd: (-1) parkinson.Rd:9: Lost braces in \itemize; meant \describe ?
checkRd: (-1) parkinson.Rd:10: Lost braces in \itemize; meant \describe ?
checkRd: (-1) parkinson.Rd:11: Lost braces in \itemize; meant \describe ?
Flavors: r-devel-linux-x86_64-debian-clang, r-devel-linux-x86_64-debian-gcc, r-devel-linux-x86_64-fedora-clang, r-devel-linux-x86_64-fedora-gcc, r-devel-windows-x86_64, r-patched-linux-x86_64, r-release-linux-x86_64, r-release-macos-arm64, r-release-windows-x86_64