Last updated on 2024-08-25 05:49:22 CEST.
Flavor | Version | Tinstall | Tcheck | Ttotal | Status | Flags |
---|---|---|---|---|---|---|
r-devel-linux-x86_64-debian-clang | 0.4.0 | 18.18 | 147.73 | 165.91 | OK | |
r-devel-linux-x86_64-debian-gcc | 0.4.0 | 11.47 | 105.90 | 117.37 | OK | |
r-devel-linux-x86_64-fedora-clang | 0.4.0 | 285.00 | NOTE | |||
r-devel-linux-x86_64-fedora-gcc | 0.4.0 | 274.77 | NOTE | |||
r-devel-windows-x86_64 | 0.4.0 | 19.00 | 140.00 | 159.00 | OK | |
r-patched-linux-x86_64 | 0.4.0 | 15.81 | 140.64 | 156.45 | OK | |
r-release-linux-x86_64 | 0.4.0 | 16.27 | 141.34 | 157.61 | OK | |
r-release-macos-arm64 | 0.4.0 | 72.00 | OK | |||
r-release-macos-x86_64 | 0.4.0 | 112.00 | OK | |||
r-release-windows-x86_64 | 0.4.0 | 20.00 | 141.00 | 161.00 | OK | |
r-oldrel-macos-arm64 | 0.4.0 | 78.00 | OK | |||
r-oldrel-macos-x86_64 | 0.4.0 | 129.00 | OK | |||
r-oldrel-windows-x86_64 | 0.4.0 | 24.00 | 182.00 | 206.00 | OK |
Version: 0.4.0
Check: dependencies in R code
Result: NOTE
Namespaces in Imports field not imported from:
‘GGEBiplots’ ‘calibrate’ ‘graphics’ ‘matrixStats’ ‘prettydoc’
‘reshape2’
All declared Imports should be used.
Flavors: r-devel-linux-x86_64-fedora-clang, r-devel-linux-x86_64-fedora-gcc