Last updated on 2025-10-26 04:48:35 CET.
| Flavor | Version | Tinstall | Tcheck | Ttotal | Status | Flags |
|---|---|---|---|---|---|---|
| r-devel-linux-x86_64-debian-clang | 1.0-1 | 2.53 | 43.44 | 45.97 | OK | |
| r-devel-linux-x86_64-debian-gcc | 1.0-1 | 1.96 | 33.45 | 35.41 | OK | |
| r-devel-linux-x86_64-fedora-clang | 1.0-1 | 71.68 | OK | |||
| r-devel-linux-x86_64-fedora-gcc | 1.0-1 | 68.48 | OK | |||
| r-devel-windows-x86_64 | 1.0-1 | 3.00 | 58.00 | 61.00 | OK | |
| r-patched-linux-x86_64 | 1.0-1 | 2.64 | 42.52 | 45.16 | OK | |
| r-release-linux-x86_64 | 1.0-1 | 2.57 | 41.27 | 43.84 | OK | |
| r-release-macos-arm64 | 1.0-1 | 1.00 | 22.00 | 23.00 | OK | |
| r-release-macos-x86_64 | 1.0-1 | 3.00 | 49.00 | 52.00 | OK | |
| r-release-windows-x86_64 | 1.0-1 | 4.00 | 59.00 | 63.00 | OK | |
| r-oldrel-macos-arm64 | 1.0-1 | 1.00 | 21.00 | 22.00 | NOTE | |
| r-oldrel-macos-x86_64 | 1.0-1 | 2.00 | 46.00 | 48.00 | NOTE | |
| r-oldrel-windows-x86_64 | 1.0-1 | 5.00 | 69.00 | 74.00 | NOTE |
Version: 1.0-1
Check: LazyData
Result: NOTE
'LazyData' is specified without a 'data' directory
Flavors: r-oldrel-macos-arm64, r-oldrel-macos-x86_64, r-oldrel-windows-x86_64