Last updated on 2024-08-25 05:49:22 CEST.
Flavor | Version | Tinstall | Tcheck | Ttotal | Status | Flags |
---|---|---|---|---|---|---|
r-devel-linux-x86_64-debian-clang | 1.9.0 | 5.25 | 54.19 | 59.44 | OK | |
r-devel-linux-x86_64-debian-gcc | 1.9.0 | 3.60 | 39.32 | 42.92 | OK | |
r-devel-linux-x86_64-fedora-clang | 1.9.0 | 100.11 | NOTE | |||
r-devel-linux-x86_64-fedora-gcc | 1.9.0 | 112.64 | NOTE | |||
r-devel-windows-x86_64 | 1.9.0 | 8.00 | 76.00 | 84.00 | OK | |
r-patched-linux-x86_64 | 1.9.0 | 5.58 | 51.66 | 57.24 | OK | |
r-release-linux-x86_64 | 1.9.0 | 4.90 | 51.69 | 56.59 | OK | |
r-release-macos-arm64 | 1.9.0 | 35.00 | OK | |||
r-release-macos-x86_64 | 1.9.0 | 54.00 | OK | |||
r-release-windows-x86_64 | 1.9.0 | 7.00 | 78.00 | 85.00 | OK | |
r-oldrel-macos-arm64 | 1.9.0 | 39.00 | OK | |||
r-oldrel-macos-x86_64 | 1.9.0 | 81.00 | OK | |||
r-oldrel-windows-x86_64 | 1.9.0 | 9.00 | 88.00 | 97.00 | OK |
Version: 1.9.0
Check: data for non-ASCII characters
Result: NOTE
Note: found 58 marked UTF-8 strings
Flavors: r-devel-linux-x86_64-fedora-clang, r-devel-linux-x86_64-fedora-gcc