Last updated on 2025-11-16 04:48:36 CET.
| Flavor | Version | Tinstall | Tcheck | Ttotal | Status | Flags |
|---|---|---|---|---|---|---|
| r-devel-linux-x86_64-debian-clang | 0.6-6 | 25.01 | 196.87 | 221.88 | OK | |
| r-devel-linux-x86_64-debian-gcc | 0.6-6 | 16.81 | 125.01 | 141.82 | NOTE | |
| r-devel-linux-x86_64-fedora-clang | 0.6-6 | 96.00 | 286.02 | 382.02 | OK | |
| r-devel-linux-x86_64-fedora-gcc | 0.6-6 | 55.00 | 294.00 | 349.00 | OK | |
| r-devel-windows-x86_64 | 0.6-6 | 22.00 | 668.00 | 690.00 | OK | |
| r-patched-linux-x86_64 | 0.6-6 | 24.30 | 192.10 | 216.40 | OK | |
| r-release-linux-x86_64 | 0.6-6 | 22.12 | 191.02 | 213.14 | OK | |
| r-release-macos-arm64 | 0.6-6 | 9.00 | 80.00 | 89.00 | OK | |
| r-release-macos-x86_64 | 0.6-6 | 35.00 | 277.00 | 312.00 | OK | |
| r-release-windows-x86_64 | 0.6-6 | 20.00 | 172.00 | 192.00 | OK | |
| r-oldrel-macos-arm64 | 0.6-6 | 10.00 | 124.00 | 134.00 | OK | |
| r-oldrel-macos-x86_64 | 0.6-6 | 42.00 | 328.00 | 370.00 | OK | |
| r-oldrel-windows-x86_64 | 0.6-6 | 32.00 | 228.00 | 260.00 | OK |
Version: 0.6-6
Check: CRAN incoming feasibility
Result: NOTE
Maintainer: ‘Robert J. Hijmans <r.hijmans@gmail.com>’
The BugReports field in DESCRIPTION has
https://github.com/rspatial/geodata/issues/
which should likely be
https://github.com/rspatial/geodata/issues/issues
instead.
Flavor: r-devel-linux-x86_64-debian-gcc