CRAN Package Check Results for Package geogenr

Last updated on 2025-02-21 04:51:47 CET.

Flavor Version Tinstall Tcheck Ttotal Status Flags
r-devel-linux-x86_64-debian-clang 2.0.1 3.67 78.22 81.89 NOTE
r-devel-linux-x86_64-debian-gcc 2.0.1 2.42 55.74 58.16 NOTE
r-devel-linux-x86_64-fedora-clang 2.0.1 125.85 NOTE
r-devel-linux-x86_64-fedora-gcc 2.0.1 135.70 NOTE
r-devel-macos-arm64 2.0.1 62.00 OK
r-devel-macos-x86_64 2.0.1 104.00 NOTE
r-devel-windows-x86_64 2.0.1 6.00 126.00 132.00 NOTE
r-patched-linux-x86_64 2.0.1 4.96 73.98 78.94 OK
r-release-linux-x86_64 2.0.1 3.12 74.49 77.61 OK
r-release-macos-arm64 2.0.1 66.00 NOTE
r-release-macos-x86_64 2.0.1 79.00 NOTE
r-release-windows-x86_64 2.0.1 6.00 128.00 134.00 NOTE
r-oldrel-macos-arm64 2.0.1 53.00 NOTE
r-oldrel-macos-x86_64 2.0.1 124.00 NOTE
r-oldrel-windows-x86_64 2.0.1 7.00 134.00 141.00 NOTE

Check Details

Version: 2.0.1
Check: DESCRIPTION meta-information
Result: NOTE Missing dependency on R >= 4.1.0 because package code uses the pipe |> or function shorthand \(...) syntax added in R 4.1.0. File(s) using such syntax: ‘acs_5yr_geo.R’ ‘acs_5yr_rolap.R’ ‘acs_5yr_topic.R’ Flavors: r-devel-linux-x86_64-debian-clang, r-devel-linux-x86_64-debian-gcc, r-devel-linux-x86_64-fedora-clang, r-devel-linux-x86_64-fedora-gcc, r-devel-macos-x86_64, r-devel-windows-x86_64

Version: 2.0.1
Check: installed package size
Result: NOTE installed size is 6.8Mb sub-directories of 1Mb or more: doc 2.1Mb extdata 3.5Mb Flavors: r-release-macos-arm64, r-release-macos-x86_64, r-release-windows-x86_64, r-oldrel-macos-arm64, r-oldrel-macos-x86_64, r-oldrel-windows-x86_64