Last updated on 2025-11-16 04:48:36 CET.
| Flavor | Version | Tinstall | Tcheck | Ttotal | Status | Flags |
|---|---|---|---|---|---|---|
| r-devel-linux-x86_64-debian-clang | 0.2.4 | 67.72 | 30.15 | 97.87 | WARN | |
| r-devel-linux-x86_64-debian-gcc | 0.2.4 | 57.69 | 25.17 | 82.86 | WARN | |
| r-devel-linux-x86_64-fedora-clang | 0.2.4 | 54.00 | 128.04 | 182.04 | WARN | |
| r-devel-linux-x86_64-fedora-gcc | 0.2.4 | 75.00 | 144.53 | 219.53 | WARN | |
| r-devel-windows-x86_64 | 0.2.4 | 98.00 | 68.00 | 166.00 | WARN | |
| r-patched-linux-x86_64 | 0.2.4 | 79.54 | 28.06 | 107.60 | NOTE | |
| r-release-linux-x86_64 | 0.2.4 | 79.94 | 27.73 | 107.67 | NOTE | |
| r-release-macos-arm64 | 0.2.4 | 27.00 | 24.00 | 51.00 | NOTE | |
| r-release-macos-x86_64 | 0.2.4 | 27.00 | 73.00 | 100.00 | NOTE | |
| r-release-windows-x86_64 | 0.2.4 | 81.00 | 66.00 | 147.00 | NOTE | |
| r-oldrel-macos-arm64 | 0.2.4 | 22.00 | 18.00 | 40.00 | NOTE | |
| r-oldrel-macos-x86_64 | 0.2.4 | 26.00 | 55.00 | 81.00 | OK | |
| r-oldrel-windows-x86_64 | 0.2.4 | 92.00 | 83.00 | 175.00 | OK |
Version: 0.2.4
Check: compiled code
Result: WARN
File ‘geometries/libs/geometries.so’:
Found non-API call to R: ‘STRING_PTR’
This entry point may be removed soon.
Compiled code should not call non-API entry points in R.
See ‘Writing portable packages’ in the ‘Writing R Extensions’ manual,
and section ‘Moving into C API compliance’ for issues with the use of
non-API entry points.
Flavors: r-devel-linux-x86_64-debian-clang, r-devel-linux-x86_64-debian-gcc, r-devel-linux-x86_64-fedora-clang, r-devel-linux-x86_64-fedora-gcc
Version: 0.2.4
Check: compiled code
Result: WARN
File 'geometries/libs/x64/geometries.dll':
Found non-API call to R: 'STRING_PTR'
This entry point may be removed soon.
Compiled code should not call non-API entry points in R.
See 'Writing portable packages' in the 'Writing R Extensions' manual,
and section 'Moving into C API compliance' for issues with the use of
non-API entry points.
Flavor: r-devel-windows-x86_64
Version: 0.2.4
Check: compiled code
Result: NOTE
File ‘geometries/libs/geometries.so’:
Found non-API call to R: ‘STRING_PTR’
Compiled code should not call non-API entry points in R.
See ‘Writing portable packages’ in the ‘Writing R Extensions’ manual,
and section ‘Moving into C API compliance’ for issues with the use of
non-API entry points.
Flavors: r-patched-linux-x86_64, r-release-linux-x86_64, r-release-macos-arm64, r-release-macos-x86_64
Version: 0.2.4
Check: compiled code
Result: NOTE
File 'geometries/libs/x64/geometries.dll':
Found non-API call to R: 'STRING_PTR'
Compiled code should not call non-API entry points in R.
See 'Writing portable packages' in the 'Writing R Extensions' manual,
and section 'Moving into C API compliance' for issues with the use of
non-API entry points.
Flavor: r-release-windows-x86_64
Version: 0.2.4
Check: installed package size
Result: NOTE
installed size is 5.7Mb
sub-directories of 1Mb or more:
libs 5.3Mb
Flavor: r-oldrel-macos-arm64