Last updated on 2025-02-20 04:51:13 CET.
Flavor | Version | Tinstall | Tcheck | Ttotal | Status | Flags |
---|---|---|---|---|---|---|
r-devel-linux-x86_64-debian-clang | 0.2.4 | 69.41 | 27.02 | 96.43 | NOTE | |
r-devel-linux-x86_64-debian-gcc | 0.2.4 | 58.27 | 22.49 | 80.76 | NOTE | |
r-devel-linux-x86_64-fedora-clang | 0.2.4 | 182.27 | NOTE | |||
r-devel-linux-x86_64-fedora-gcc | 0.2.4 | 215.80 | NOTE | |||
r-devel-macos-arm64 | 0.2.4 | 50.00 | NOTE | |||
r-devel-macos-x86_64 | 0.2.4 | 92.00 | NOTE | |||
r-devel-windows-x86_64 | 0.2.4 | 75.00 | 69.00 | 144.00 | NOTE | |
r-patched-linux-x86_64 | 0.2.4 | 79.16 | 26.23 | 105.39 | OK | |
r-release-linux-x86_64 | 0.2.4 | 79.17 | 25.98 | 105.15 | OK | |
r-release-macos-arm64 | 0.2.4 | 40.00 | NOTE | |||
r-release-macos-x86_64 | 0.2.4 | 81.00 | OK | |||
r-release-windows-x86_64 | 0.2.4 | 75.00 | 69.00 | 144.00 | OK | |
r-oldrel-macos-arm64 | 0.2.4 | 73.00 | NOTE | |||
r-oldrel-macos-x86_64 | 0.2.4 | 144.00 | OK | |||
r-oldrel-windows-x86_64 | 0.2.4 | 87.00 | 102.00 | 189.00 | OK |
Version: 0.2.4
Check: compiled code
Result: NOTE
File ‘geometries/libs/geometries.so’:
Found non-API call to R: ‘STRING_PTR’
Compiled code should not call non-API entry points in R.
See ‘Writing portable packages’ in the ‘Writing R Extensions’ manual,
and section ‘Moving into C API compliance’ for issues with the use of
non-API entry points.
Flavors: r-devel-linux-x86_64-debian-clang, r-devel-linux-x86_64-debian-gcc, r-devel-linux-x86_64-fedora-clang, r-devel-linux-x86_64-fedora-gcc, r-devel-macos-arm64, r-devel-macos-x86_64
Version: 0.2.4
Check: compiled code
Result: NOTE
File 'geometries/libs/x64/geometries.dll':
Found non-API call to R: 'STRING_PTR'
Compiled code should not call non-API entry points in R.
See 'Writing portable packages' in the 'Writing R Extensions' manual,
and section 'Moving into C API compliance' for issues with the use of
non-API entry points.
Flavor: r-devel-windows-x86_64
Version: 0.2.4
Check: installed package size
Result: NOTE
installed size is 5.7Mb
sub-directories of 1Mb or more:
libs 5.3Mb
Flavors: r-release-macos-arm64, r-oldrel-macos-arm64