Last updated on 2025-02-20 04:51:13 CET.
Flavor | Version | Tinstall | Tcheck | Ttotal | Status | Flags |
---|---|---|---|---|---|---|
r-devel-linux-x86_64-debian-clang | 1.2.2 | 4.54 | 67.05 | 71.59 | NOTE | |
r-devel-linux-x86_64-debian-gcc | 1.2.2 | 2.84 | 48.21 | 51.05 | NOTE | |
r-devel-linux-x86_64-fedora-clang | 1.2.2 | 111.44 | NOTE | |||
r-devel-linux-x86_64-fedora-gcc | 1.2.2 | 122.60 | NOTE | |||
r-devel-macos-arm64 | 1.2.2 | 48.00 | OK | |||
r-devel-macos-x86_64 | 1.2.2 | 82.00 | NOTE | |||
r-devel-windows-x86_64 | 1.2.2 | 7.00 | 91.00 | 98.00 | NOTE | |
r-patched-linux-x86_64 | 1.2.2 | 4.10 | 63.33 | 67.43 | OK | |
r-release-linux-x86_64 | 1.2.2 | 4.13 | 63.59 | 67.72 | OK | |
r-release-macos-arm64 | 1.2.2 | 42.00 | OK | |||
r-release-macos-x86_64 | 1.2.2 | 119.00 | OK | |||
r-release-windows-x86_64 | 1.2.2 | 8.00 | 88.00 | 96.00 | OK | |
r-oldrel-macos-arm64 | 1.2.2 | 47.00 | OK | |||
r-oldrel-macos-x86_64 | 1.2.2 | 85.00 | OK | |||
r-oldrel-windows-x86_64 | 1.2.2 | 9.00 | 101.00 | 110.00 | OK |
Version: 1.2.2
Check: DESCRIPTION meta-information
Result: NOTE
Missing dependency on R >= 4.1.0 because package code uses the pipe
|> or function shorthand \(...) syntax added in R 4.1.0.
File(s) using such syntax:
‘dimensional_query_run_geoquery.R’
‘geomultistar_define_geoattribute.R’
Flavors: r-devel-linux-x86_64-debian-clang, r-devel-linux-x86_64-debian-gcc, r-devel-linux-x86_64-fedora-clang, r-devel-linux-x86_64-fedora-gcc, r-devel-macos-x86_64, r-devel-windows-x86_64